{"id":42172,"date":"2023-03-16T20:35:23","date_gmt":"2023-03-16T20:35:23","guid":{"rendered":"https:\/\/ancorapublicitat.es\/shop\/herren-sicherheitsweste-projob-6702-weste-en471-klasse-3-646702\/"},"modified":"2023-04-04T06:55:46","modified_gmt":"2023-04-04T06:55:46","slug":"herren-sicherheitsweste-projob-6702-weste-en471-klasse-3-646702","status":"publish","type":"product","link":"https:\/\/ancorapublicitat.es\/de\/shop\/herren-sicherheitsweste-projob-6702-weste-en471-klasse-3-646702\/","title":{"rendered":"Herren Sicherheitsweste ProJob 6702 WESTE EN471-KLASSE 3 646702"},"content":{"rendered":"<p>Eine Gr\u00f6\u00dfe. Individuell anpassbar auf dem R\u00fccken. Seitentaschen. Tasche f\u00fcr Mobiltelefon. Maximal 20 W\u00e4schen bei 40\u00b0C.<\/p>\n","protected":false},"excerpt":{"rendered":"<p>Eine Gr\u00f6\u00dfe. Individuell anpassbar auf dem R\u00fccken. Seitentaschen. Tasche f\u00fcr Mobiltelefon. Maximal 20 W\u00e4schen bei 40\u00b0C.<\/p>\n","protected":false},"featured_media":42175,"template":"","meta":{"_acf_changed":false},"product_cat":[],"product_tag":[],"class_list":["post-42172","product","type-product","status-publish","has-post-thumbnail","pa_farben-gelb-10","pa_farben-orange-17","first","instock","purchasable","product-type-variable"],"acf":[],"tiered_pricing_type":"fixed","tiered_pricing_fixed_rules":{"10":29.949999999999999289457264239899814128875732421875,"20":29,"50":28.35000000000000142108547152020037174224853515625,"100":27.699999999999999289457264239899814128875732421875},"tiered_pricing_product_settings":{"layout":"default","base_unit_name":{"singular":null,"plural":null},"default_variation":null},"tiered_pricing_minimum_quantity":null,"tiered_pricing_roles_data":[],"tiered_pricing_percentage_rules":[],"_links":{"self":[{"href":"https:\/\/ancorapublicitat.es\/de\/wp-json\/wp\/v2\/product\/42172","targetHints":{"allow":["GET"]}}],"collection":[{"href":"https:\/\/ancorapublicitat.es\/de\/wp-json\/wp\/v2\/product"}],"about":[{"href":"https:\/\/ancorapublicitat.es\/de\/wp-json\/wp\/v2\/types\/product"}],"version-history":[{"count":0,"href":"https:\/\/ancorapublicitat.es\/de\/wp-json\/wp\/v2\/product\/42172\/revisions"}],"wp:featuredmedia":[{"embeddable":true,"href":"https:\/\/ancorapublicitat.es\/de\/wp-json\/wp\/v2\/media\/42175"}],"wp:attachment":[{"href":"https:\/\/ancorapublicitat.es\/de\/wp-json\/wp\/v2\/media?parent=42172"}],"wp:term":[{"taxonomy":"product_cat","embeddable":true,"href":"https:\/\/ancorapublicitat.es\/de\/wp-json\/wp\/v2\/product_cat?post=42172"},{"taxonomy":"product_tag","embeddable":true,"href":"https:\/\/ancorapublicitat.es\/de\/wp-json\/wp\/v2\/product_tag?post=42172"}],"curies":[{"name":"wp","href":"https:\/\/api.w.org\/{rel}","templated":true}]}}

<p>Eine Größe. Individuell anpassbar auf dem Rücken. Seitentaschen. Tasche für Mobiltelefon. Maximal 20 Wäschen bei 40°C.</p>
