{"id":43670,"date":"2023-03-16T20:49:47","date_gmt":"2023-03-16T20:49:47","guid":{"rendered":"https:\/\/ancorapublicitat.es\/shop\/rucksack-quadra-pro-team-backpack-qs255\/"},"modified":"2023-04-04T07:39:28","modified_gmt":"2023-04-04T07:39:28","slug":"rucksack-quadra-pro-team-backpack-qs255","status":"publish","type":"product","link":"https:\/\/ancorapublicitat.es\/de\/shop\/rucksack-quadra-pro-team-backpack-qs255\/","title":{"rendered":"Rucksack Quadra Pro Team Backpack QS255"},"content":{"rendered":"<p>600D\/420D Polyester-Mischung | Ballfach | Feuchtfach | Seitentaschen mit Rei\u00dfverschluss | Elastische Netztasche an der Seite | Tasche f\u00fcr Wasserflasche | Tragegriff | Weich gef\u00fctterte Media-Tasche | Kopfh\u00f6rerdurchlass | Gepolsterter, verstellbarer Schulterriemen | Gepolstertes R\u00fcckenteil | Volumen: ca. 17 Liter | Lieferung ohne Inhalt\/Deko<\/p>\n","protected":false},"excerpt":{"rendered":"<p>600D\/420D Polyester-Mischung | Ballfach | Feuchtfach | Seitentaschen mit Rei\u00dfverschluss | Elastische Netztasche an der Seite | Tasche f\u00fcr Wasserflasche | Tragegriff | Weich gef\u00fctterte Media-Tasche | Kopfh\u00f6rerdurchlass | Gepolsterter, verstellbarer Schulterriemen | Gepolstertes R\u00fcckenteil | Volumen: ca. 17 Liter | Lieferung ohne Inhalt\/Deko<\/p>\n","protected":false},"featured_media":43673,"template":"","meta":{"_acf_changed":false},"product_cat":[],"product_tag":[],"class_list":["post-43670","product","type-product","status-publish","has-post-thumbnail","pa_farben-black-light-grey","pa_farben-bright-royal-black-white","pa_farben-classic-red-black-white","pa_farben-french-navy-black-white","pa_farben-graphite-grey-black-white","first","instock","purchasable","product-type-variable"],"acf":[],"tiered_pricing_type":"fixed","tiered_pricing_fixed_rules":{"10":28.39999999999999857891452847979962825775146484375,"50":25.050000000000000710542735760100185871124267578125,"100":23.39999999999999857891452847979962825775146484375,"200":22.699999999999999289457264239899814128875732421875,"500":21.39999999999999857891452847979962825775146484375},"tiered_pricing_product_settings":{"layout":"default","base_unit_name":{"singular":null,"plural":null},"default_variation":null},"tiered_pricing_minimum_quantity":null,"tiered_pricing_roles_data":[],"tiered_pricing_percentage_rules":[],"_links":{"self":[{"href":"https:\/\/ancorapublicitat.es\/de\/wp-json\/wp\/v2\/product\/43670","targetHints":{"allow":["GET"]}}],"collection":[{"href":"https:\/\/ancorapublicitat.es\/de\/wp-json\/wp\/v2\/product"}],"about":[{"href":"https:\/\/ancorapublicitat.es\/de\/wp-json\/wp\/v2\/types\/product"}],"version-history":[{"count":0,"href":"https:\/\/ancorapublicitat.es\/de\/wp-json\/wp\/v2\/product\/43670\/revisions"}],"wp:featuredmedia":[{"embeddable":true,"href":"https:\/\/ancorapublicitat.es\/de\/wp-json\/wp\/v2\/media\/43673"}],"wp:attachment":[{"href":"https:\/\/ancorapublicitat.es\/de\/wp-json\/wp\/v2\/media?parent=43670"}],"wp:term":[{"taxonomy":"product_cat","embeddable":true,"href":"https:\/\/ancorapublicitat.es\/de\/wp-json\/wp\/v2\/product_cat?post=43670"},{"taxonomy":"product_tag","embeddable":true,"href":"https:\/\/ancorapublicitat.es\/de\/wp-json\/wp\/v2\/product_tag?post=43670"}],"curies":[{"name":"wp","href":"https:\/\/api.w.org\/{rel}","templated":true}]}}

<p>600D/420D Polyester-Mischung | Ballfach | Feuchtfach | Seitentaschen mit Reißverschluss | Elastische Netztasche an der Seite | Tasche für Wasserflasche | Tragegriff | Weich gefütterte Media-Tasche | Kopfhörerdurchlass | Gepolsterter, verstellbarer Schulterriemen | Gepolstertes Rückenteil | Volumen: ca. 17 Liter | Lieferung ohne Inhalt/Deko</p>
