{"id":43934,"date":"2023-03-16T20:52:08","date_gmt":"2023-03-16T20:52:08","guid":{"rendered":"https:\/\/ancorapublicitat.es\/shop\/rucksack-quadra-project-charge-security-backpack-qd925\/"},"modified":"2023-04-04T07:44:49","modified_gmt":"2023-04-04T07:44:49","slug":"rucksack-quadra-project-charge-security-backpack-qd925","status":"publish","type":"product","link":"https:\/\/ancorapublicitat.es\/de\/shop\/rucksack-quadra-project-charge-security-backpack-qd925\/","title":{"rendered":"Rucksack Quadra Project Charge Security Backpack QD925"},"content":{"rendered":"<p>Mischung aus Jacquard Nylon\/ PVC-Beschichtetem Polyester | TearAway-Label | Schnittfestes Design | Versteckter Zugriff zum Hauptfach | Minimalistisches Design | Leicht, aber sehr robust | Gepolstertes Innenfach f\u00fcr Tablet | Gef\u00fcttertes Laptop-Fach, geeignet f\u00fcr bis zu 15.6&#8243; | Tasche an der R\u00fcckseite mit diskretem Rei\u00dfverschluss | Diverse Innenf\u00e4cher | Fach f\u00fcrs Ladeger\u00e4t | Integrierter USB-Ladeanschluss | Elastischer Kabelordner | Karabinerhaken f\u00fcr Schl\u00fcssel o. \u00e4. | Halterung f\u00fcr Befestigung am Teleskopgriff | Ergonomisch geformtes R\u00fcckenteil | Gepolsterte, verstellbare Schulterriemen<\/p>\n","protected":false},"excerpt":{"rendered":"<p>Mischung aus Jacquard Nylon\/ PVC-Beschichtetem Polyester | TearAway-Label | Schnittfestes Design | Versteckter Zugriff zum Hauptfach | Minimalistisches Design | Leicht, aber sehr robust | Gepolstertes Innenfach f\u00fcr Tablet | Gef\u00fcttertes Laptop-Fach, geeignet f\u00fcr bis zu 15.6&#8243; | Tasche an der R\u00fcckseite mit diskretem Rei\u00dfverschluss | Diverse Innenf\u00e4cher | Fach f\u00fcrs Ladeger\u00e4t | Integrierter USB-Ladeanschluss [&hellip;]<\/p>\n","protected":false},"featured_media":43937,"template":"","meta":{"_acf_changed":false},"product_cat":[],"product_tag":[],"class_list":["post-43934","product","type-product","status-publish","has-post-thumbnail","pa_farben-schwarz-de","first","instock","purchasable","product-type-variable"],"acf":[],"tiered_pricing_type":"fixed","tiered_pricing_fixed_rules":{"10":79.5,"50":70.150000000000005684341886080801486968994140625,"100":65.4500000000000028421709430404007434844970703125,"200":63.60000000000000142108547152020037174224853515625,"500":59.85000000000000142108547152020037174224853515625},"tiered_pricing_product_settings":{"layout":"default","base_unit_name":{"singular":null,"plural":null},"default_variation":null},"tiered_pricing_minimum_quantity":null,"tiered_pricing_roles_data":[],"tiered_pricing_percentage_rules":[],"_links":{"self":[{"href":"https:\/\/ancorapublicitat.es\/de\/wp-json\/wp\/v2\/product\/43934","targetHints":{"allow":["GET"]}}],"collection":[{"href":"https:\/\/ancorapublicitat.es\/de\/wp-json\/wp\/v2\/product"}],"about":[{"href":"https:\/\/ancorapublicitat.es\/de\/wp-json\/wp\/v2\/types\/product"}],"version-history":[{"count":0,"href":"https:\/\/ancorapublicitat.es\/de\/wp-json\/wp\/v2\/product\/43934\/revisions"}],"wp:featuredmedia":[{"embeddable":true,"href":"https:\/\/ancorapublicitat.es\/de\/wp-json\/wp\/v2\/media\/43937"}],"wp:attachment":[{"href":"https:\/\/ancorapublicitat.es\/de\/wp-json\/wp\/v2\/media?parent=43934"}],"wp:term":[{"taxonomy":"product_cat","embeddable":true,"href":"https:\/\/ancorapublicitat.es\/de\/wp-json\/wp\/v2\/product_cat?post=43934"},{"taxonomy":"product_tag","embeddable":true,"href":"https:\/\/ancorapublicitat.es\/de\/wp-json\/wp\/v2\/product_tag?post=43934"}],"curies":[{"name":"wp","href":"https:\/\/api.w.org\/{rel}","templated":true}]}}

<p>Mischung aus Jacquard Nylon/ PVC-Beschichtetem Polyester | TearAway-Label | Schnittfestes Design | Versteckter Zugriff zum Hauptfach | Minimalistisches Design | Leicht, aber sehr robust | Gepolstertes Innenfach für Tablet | Gefüttertes Laptop-Fach, geeignet für bis zu 15.6&#8243; | Tasche an der Rückseite mit diskretem Reißverschluss | Diverse Innenfächer | Fach fürs Ladegerät | Integrierter USB-Ladeanschluss | Elastischer Kabelordner | Karabinerhaken für Schlüssel o. ä. | Halterung für Befestigung am Teleskopgriff | Ergonomisch geformtes Rückenteil | Gepolsterte, verstellbare Schulterriemen</p>

<p>Mischung aus Jacquard Nylon/ PVC-Beschichtetem Polyester | TearAway-Label | Schnittfestes Design | Versteckter Zugriff zum Hauptfach | Minimalistisches Design | Leicht, aber sehr robust | Gepolstertes Innenfach für Tablet | Gefüttertes Laptop-Fach, geeignet für bis zu 15.6&#8243; | Tasche an der Rückseite mit diskretem Reißverschluss | Diverse Innenfächer | Fach fürs Ladegerät | Integrierter USB-Ladeanschluss [&hellip;]</p>
