{"id":43940,"date":"2023-03-16T20:52:10","date_gmt":"2023-03-16T20:52:10","guid":{"rendered":"https:\/\/ancorapublicitat.es\/shop\/rucksack-quadra-project-charge-security-backpack-xl-qd926\/"},"modified":"2023-04-04T07:44:59","modified_gmt":"2023-04-04T07:44:59","slug":"rucksack-quadra-project-charge-security-backpack-xl-qd926","status":"publish","type":"product","link":"https:\/\/ancorapublicitat.es\/de\/shop\/rucksack-quadra-project-charge-security-backpack-xl-qd926\/","title":{"rendered":"Rucksack Quadra Project Charge Security Backpack XL QD926"},"content":{"rendered":"<p>Kombination aus Jacquard-Nylon\/PU-beschichtetem Polyester | Abrei\u00dfetikett | Minimalistisches Design | Leicht und dennoch strapazierf\u00e4hig | Schlagfeste Konstruktion | Gepolstertes Tablet-Innenfach | Gepolstertes Laptop-Fach, kompatibel f\u00fcr Ger\u00e4te bis zu 17 Zoll | Verborgenes Hauptfach | Gepolsterte Innentasche mit Rei\u00dfverschluss | Strukturierte Unterteilung f\u00fcr speziellen Verpackungsbereich | Mehrere Innentaschen | Powerbank-Tasche | Integrierter USB-Ladeanschluss | Elastischer Kabel-Organizer | Schl\u00fcsselhaken | Durchgehend gef\u00fcttert | Diskrete Tasche mit Rei\u00dfverschluss auf der R\u00fcckseite | Tragegurt f\u00fcr Radtaschen | Vollst\u00e4ndig verstellbarer Brustgurt | Ergonomisch gepolsterte R\u00fcckseite | Gepolsterte, verstellbare Schultergurte | Lieferung ohne Inhalt\/Deko<\/p>\n","protected":false},"excerpt":{"rendered":"<p>Kombination aus Jacquard-Nylon\/PU-beschichtetem Polyester | Abrei\u00dfetikett | Minimalistisches Design | Leicht und dennoch strapazierf\u00e4hig | Schlagfeste Konstruktion | Gepolstertes Tablet-Innenfach | Gepolstertes Laptop-Fach, kompatibel f\u00fcr Ger\u00e4te bis zu 17 Zoll | Verborgenes Hauptfach | Gepolsterte Innentasche mit Rei\u00dfverschluss | Strukturierte Unterteilung f\u00fcr speziellen Verpackungsbereich | Mehrere Innentaschen | Powerbank-Tasche | Integrierter USB-Ladeanschluss | Elastischer Kabel-Organizer [&hellip;]<\/p>\n","protected":false},"featured_media":43943,"template":"","meta":{"_acf_changed":false},"product_cat":[],"product_tag":[],"class_list":["post-43940","product","type-product","status-publish","has-post-thumbnail","pa_farben-schwarz-de","first","instock","purchasable","product-type-variable"],"acf":[],"tiered_pricing_type":"fixed","tiered_pricing_fixed_rules":{"10":99.650000000000005684341886080801486968994140625,"50":87.9500000000000028421709430404007434844970703125,"100":82.099999999999994315658113919198513031005859375,"200":79.75,"500":75.0499999999999971578290569595992565155029296875},"tiered_pricing_product_settings":{"layout":"default","base_unit_name":{"singular":null,"plural":null},"default_variation":null},"tiered_pricing_minimum_quantity":null,"tiered_pricing_roles_data":[],"tiered_pricing_percentage_rules":[],"_links":{"self":[{"href":"https:\/\/ancorapublicitat.es\/de\/wp-json\/wp\/v2\/product\/43940","targetHints":{"allow":["GET"]}}],"collection":[{"href":"https:\/\/ancorapublicitat.es\/de\/wp-json\/wp\/v2\/product"}],"about":[{"href":"https:\/\/ancorapublicitat.es\/de\/wp-json\/wp\/v2\/types\/product"}],"version-history":[{"count":0,"href":"https:\/\/ancorapublicitat.es\/de\/wp-json\/wp\/v2\/product\/43940\/revisions"}],"wp:featuredmedia":[{"embeddable":true,"href":"https:\/\/ancorapublicitat.es\/de\/wp-json\/wp\/v2\/media\/43943"}],"wp:attachment":[{"href":"https:\/\/ancorapublicitat.es\/de\/wp-json\/wp\/v2\/media?parent=43940"}],"wp:term":[{"taxonomy":"product_cat","embeddable":true,"href":"https:\/\/ancorapublicitat.es\/de\/wp-json\/wp\/v2\/product_cat?post=43940"},{"taxonomy":"product_tag","embeddable":true,"href":"https:\/\/ancorapublicitat.es\/de\/wp-json\/wp\/v2\/product_tag?post=43940"}],"curies":[{"name":"wp","href":"https:\/\/api.w.org\/{rel}","templated":true}]}}

<p>Kombination aus Jacquard-Nylon/PU-beschichtetem Polyester | Abreißetikett | Minimalistisches Design | Leicht und dennoch strapazierfähig | Schlagfeste Konstruktion | Gepolstertes Tablet-Innenfach | Gepolstertes Laptop-Fach, kompatibel für Geräte bis zu 17 Zoll | Verborgenes Hauptfach | Gepolsterte Innentasche mit Reißverschluss | Strukturierte Unterteilung für speziellen Verpackungsbereich | Mehrere Innentaschen | Powerbank-Tasche | Integrierter USB-Ladeanschluss | Elastischer Kabel-Organizer | Schlüsselhaken | Durchgehend gefüttert | Diskrete Tasche mit Reißverschluss auf der Rückseite | Tragegurt für Radtaschen | Vollständig verstellbarer Brustgurt | Ergonomisch gepolsterte Rückseite | Gepolsterte, verstellbare Schultergurte | Lieferung ohne Inhalt/Deko</p>

<p>Kombination aus Jacquard-Nylon/PU-beschichtetem Polyester | Abreißetikett | Minimalistisches Design | Leicht und dennoch strapazierfähig | Schlagfeste Konstruktion | Gepolstertes Tablet-Innenfach | Gepolstertes Laptop-Fach, kompatibel für Geräte bis zu 17 Zoll | Verborgenes Hauptfach | Gepolsterte Innentasche mit Reißverschluss | Strukturierte Unterteilung für speziellen Verpackungsbereich | Mehrere Innentaschen | Powerbank-Tasche | Integrierter USB-Ladeanschluss | Elastischer Kabel-Organizer [&hellip;]</p>
