{"id":45026,"date":"2023-03-16T21:02:12","date_gmt":"2023-03-16T21:02:12","guid":{"rendered":"https:\/\/ancorapublicitat.es\/shop\/umhaengetasche-quadra-executive-digital-case-qd264\/"},"modified":"2023-04-04T08:10:55","modified_gmt":"2023-04-04T08:10:55","slug":"umhaengetasche-quadra-executive-digital-case-qd264","status":"publish","type":"product","link":"https:\/\/ancorapublicitat.es\/de\/shop\/umhaengetasche-quadra-executive-digital-case-qd264\/","title":{"rendered":"Umh\u00e4ngetasche Quadra Executive Digital Case QD264"},"content":{"rendered":"<p>Gef\u00fctterte Tablet-Tasche mit Rei\u00dfverschluss | 600D \/ 1680D Polyester | Diverse Taschen | Verstellbarer Schulterriemen | Volumen: ca. 4,5 Liter | EasyPocket\u2122 f\u00fcr erleichtertes Veredeln | Fronttasche mit Rei\u00dfverschluss | Tragegriff | Lieferung ohne Inhalt\/Deko<\/p>\n","protected":false},"excerpt":{"rendered":"<p>Gef\u00fctterte Tablet-Tasche mit Rei\u00dfverschluss | 600D \/ 1680D Polyester | Diverse Taschen | Verstellbarer Schulterriemen | Volumen: ca. 4,5 Liter | EasyPocket\u2122 f\u00fcr erleichtertes Veredeln | Fronttasche mit Rei\u00dfverschluss | Tragegriff | Lieferung ohne Inhalt\/Deko<\/p>\n","protected":false},"featured_media":45029,"template":"","meta":{"_acf_changed":false},"product_cat":[],"product_tag":[],"class_list":["post-45026","product","type-product","status-publish","has-post-thumbnail","pa_farben-schwarz-de","first","instock","purchasable","product-type-variable"],"acf":[],"tiered_pricing_type":"fixed","tiered_pricing_fixed_rules":{"10":25.64999999999999857891452847979962825775146484375,"50":22.60000000000000142108547152020037174224853515625,"100":21.10000000000000142108547152020037174224853515625,"200":20.5,"500":19.300000000000000710542735760100185871124267578125},"tiered_pricing_product_settings":{"layout":"default","base_unit_name":{"singular":null,"plural":null},"default_variation":null},"tiered_pricing_minimum_quantity":null,"tiered_pricing_roles_data":[],"tiered_pricing_percentage_rules":[],"_links":{"self":[{"href":"https:\/\/ancorapublicitat.es\/de\/wp-json\/wp\/v2\/product\/45026","targetHints":{"allow":["GET"]}}],"collection":[{"href":"https:\/\/ancorapublicitat.es\/de\/wp-json\/wp\/v2\/product"}],"about":[{"href":"https:\/\/ancorapublicitat.es\/de\/wp-json\/wp\/v2\/types\/product"}],"version-history":[{"count":0,"href":"https:\/\/ancorapublicitat.es\/de\/wp-json\/wp\/v2\/product\/45026\/revisions"}],"wp:featuredmedia":[{"embeddable":true,"href":"https:\/\/ancorapublicitat.es\/de\/wp-json\/wp\/v2\/media\/45029"}],"wp:attachment":[{"href":"https:\/\/ancorapublicitat.es\/de\/wp-json\/wp\/v2\/media?parent=45026"}],"wp:term":[{"taxonomy":"product_cat","embeddable":true,"href":"https:\/\/ancorapublicitat.es\/de\/wp-json\/wp\/v2\/product_cat?post=45026"},{"taxonomy":"product_tag","embeddable":true,"href":"https:\/\/ancorapublicitat.es\/de\/wp-json\/wp\/v2\/product_tag?post=45026"}],"curies":[{"name":"wp","href":"https:\/\/api.w.org\/{rel}","templated":true}]}}

Umhängetasche Quadra Executive Digital Case QD264

<p>Gefütterte Tablet-Tasche mit Reißverschluss | 600D / 1680D Polyester | Diverse Taschen | Verstellbarer Schulterriemen | Volumen: ca. 4,5 Liter | EasyPocket™ für erleichtertes Veredeln | Fronttasche mit Reißverschluss | Tragegriff | Lieferung ohne Inhalt/Deko</p>
