{"id":45038,"date":"2023-03-16T21:02:17","date_gmt":"2023-03-16T21:02:17","guid":{"rendered":"https:\/\/ancorapublicitat.es\/shop\/rucksack-business-quadra-executive-digital-backpack-qd269\/"},"modified":"2023-04-04T08:11:15","modified_gmt":"2023-04-04T08:11:15","slug":"rucksack-business-quadra-executive-digital-backpack-qd269","status":"publish","type":"product","link":"https:\/\/ancorapublicitat.es\/de\/shop\/rucksack-business-quadra-executive-digital-backpack-qd269\/","title":{"rendered":"Rucksack Business Quadra Executive Digital Backpack QD269"},"content":{"rendered":"<p>600D \/1680D Polyester-Kombination | EasyPocket\u2122 f\u00fcr einfache Veredelung | Federleicht und trotzdem widerstandsf\u00e4hig | Geeignet f\u00fcr Laptops mit einer Gr\u00f6\u00dfe von bis zu 15,6&#8243; | Gepolstertes Laptop-Fach | Separate, gepolsterte Tasche geeignet f\u00fcr Tablet | Innentasche mit Rei\u00dfverschluss | Innenfach f\u00fcr Organizer | Schlaufen f\u00fcr USB-Memorystick | Gepolsterte, verstellbare Schultertr\u00e4ger | Gepolstertes R\u00fcckenteil | Gepolsterte Unterseite | Gepolsterter Tragegriff | Volumen: ca. 20 Liter | Lieferung ohne Inhalt\/Deko<\/p>\n","protected":false},"excerpt":{"rendered":"<p>600D \/1680D Polyester-Kombination | EasyPocket\u2122 f\u00fcr einfache Veredelung | Federleicht und trotzdem widerstandsf\u00e4hig | Geeignet f\u00fcr Laptops mit einer Gr\u00f6\u00dfe von bis zu 15,6&#8243; | Gepolstertes Laptop-Fach | Separate, gepolsterte Tasche geeignet f\u00fcr Tablet | Innentasche mit Rei\u00dfverschluss | Innenfach f\u00fcr Organizer | Schlaufen f\u00fcr USB-Memorystick | Gepolsterte, verstellbare Schultertr\u00e4ger | Gepolstertes R\u00fcckenteil | Gepolsterte [&hellip;]<\/p>\n","protected":false},"featured_media":45041,"template":"","meta":{"_acf_changed":false},"product_cat":[],"product_tag":[],"class_list":["post-45038","product","type-product","status-publish","has-post-thumbnail","pa_farben-schwarz-de","first","instock","purchasable","product-type-variable"],"acf":[],"tiered_pricing_type":"fixed","tiered_pricing_fixed_rules":{"10":49.5,"50":43.7000000000000028421709430404007434844970703125,"100":40.7999999999999971578290569595992565155029296875,"200":39.60000000000000142108547152020037174224853515625,"500":37.2999999999999971578290569595992565155029296875},"tiered_pricing_product_settings":{"layout":"default","base_unit_name":{"singular":null,"plural":null},"default_variation":null},"tiered_pricing_minimum_quantity":null,"tiered_pricing_roles_data":[],"tiered_pricing_percentage_rules":[],"_links":{"self":[{"href":"https:\/\/ancorapublicitat.es\/de\/wp-json\/wp\/v2\/product\/45038","targetHints":{"allow":["GET"]}}],"collection":[{"href":"https:\/\/ancorapublicitat.es\/de\/wp-json\/wp\/v2\/product"}],"about":[{"href":"https:\/\/ancorapublicitat.es\/de\/wp-json\/wp\/v2\/types\/product"}],"version-history":[{"count":0,"href":"https:\/\/ancorapublicitat.es\/de\/wp-json\/wp\/v2\/product\/45038\/revisions"}],"wp:featuredmedia":[{"embeddable":true,"href":"https:\/\/ancorapublicitat.es\/de\/wp-json\/wp\/v2\/media\/45041"}],"wp:attachment":[{"href":"https:\/\/ancorapublicitat.es\/de\/wp-json\/wp\/v2\/media?parent=45038"}],"wp:term":[{"taxonomy":"product_cat","embeddable":true,"href":"https:\/\/ancorapublicitat.es\/de\/wp-json\/wp\/v2\/product_cat?post=45038"},{"taxonomy":"product_tag","embeddable":true,"href":"https:\/\/ancorapublicitat.es\/de\/wp-json\/wp\/v2\/product_tag?post=45038"}],"curies":[{"name":"wp","href":"https:\/\/api.w.org\/{rel}","templated":true}]}}

<p>600D /1680D Polyester-Kombination | EasyPocket™ für einfache Veredelung | Federleicht und trotzdem widerstandsfähig | Geeignet für Laptops mit einer Größe von bis zu 15,6&#8243; | Gepolstertes Laptop-Fach | Separate, gepolsterte Tasche geeignet für Tablet | Innentasche mit Reißverschluss | Innenfach für Organizer | Schlaufen für USB-Memorystick | Gepolsterte, verstellbare Schulterträger | Gepolstertes Rückenteil | Gepolsterte Unterseite | Gepolsterter Tragegriff | Volumen: ca. 20 Liter | Lieferung ohne Inhalt/Deko</p>

<p>600D /1680D Polyester-Kombination | EasyPocket™ für einfache Veredelung | Federleicht und trotzdem widerstandsfähig | Geeignet für Laptops mit einer Größe von bis zu 15,6&#8243; | Gepolstertes Laptop-Fach | Separate, gepolsterte Tasche geeignet für Tablet | Innentasche mit Reißverschluss | Innenfach für Organizer | Schlaufen für USB-Memorystick | Gepolsterte, verstellbare Schulterträger | Gepolstertes Rückenteil | Gepolsterte [&hellip;]</p>
