{"id":45120,"date":"2023-03-16T21:02:57","date_gmt":"2023-03-16T21:02:57","guid":{"rendered":"https:\/\/ancorapublicitat.es\/shop\/rucksack-fuer-laptop-quadra-tungsten-laptop-backpack-qd968\/"},"modified":"2023-04-04T08:12:48","modified_gmt":"2023-04-04T08:12:48","slug":"rucksack-fuer-laptop-quadra-tungsten-laptop-backpack-qd968","status":"publish","type":"product","link":"https:\/\/ancorapublicitat.es\/de\/shop\/rucksack-fuer-laptop-quadra-tungsten-laptop-backpack-qd968\/","title":{"rendered":"Rucksack f\u00fcr Laptop Quadra Tungsten\u2122 Laptop Backpack QD968"},"content":{"rendered":"<p>1680D Polyester | Passend f\u00fcr alle g\u00e4ngigen Laptops mit bis zu 15.6\u00b4 Monitorgr\u00f6\u00dfe | Gef\u00fcttertes Laptop-Fach | Fronttasche | Organizer-Element | Kopfh\u00f6rerkabelausgang | Gepolsterte, verstellbare Schultergurte | Media-Tasche mit Kopfh\u00f6rerausgang | Halterung f\u00fcr Trinkflasche | Seitentaschen mit Rei\u00dfverschluss | Tragegriff | Volumen: ca. 18 Liter | Lieferung ohne Inhalt\/Deko<\/p>\n","protected":false},"excerpt":{"rendered":"<p>1680D Polyester | Passend f\u00fcr alle g\u00e4ngigen Laptops mit bis zu 15.6\u00b4 Monitorgr\u00f6\u00dfe | Gef\u00fcttertes Laptop-Fach | Fronttasche | Organizer-Element | Kopfh\u00f6rerkabelausgang | Gepolsterte, verstellbare Schultergurte | Media-Tasche mit Kopfh\u00f6rerausgang | Halterung f\u00fcr Trinkflasche | Seitentaschen mit Rei\u00dfverschluss | Tragegriff | Volumen: ca. 18 Liter | Lieferung ohne Inhalt\/Deko<\/p>\n","protected":false},"featured_media":45123,"template":"","meta":{"_acf_changed":false},"product_cat":[],"product_tag":[],"class_list":["post-45120","product","type-product","status-publish","has-post-thumbnail","pa_farben-black-dark-graphite","first","instock","purchasable","product-type-variable"],"acf":[],"tiered_pricing_type":"fixed","tiered_pricing_fixed_rules":{"10":58.64999999999999857891452847979962825775146484375,"50":51.75,"100":48.2999999999999971578290569595992565155029296875,"200":46.89999999999999857891452847979962825775146484375,"500":44.14999999999999857891452847979962825775146484375},"tiered_pricing_product_settings":{"layout":"default","base_unit_name":{"singular":null,"plural":null},"default_variation":null},"tiered_pricing_minimum_quantity":null,"tiered_pricing_roles_data":[],"tiered_pricing_percentage_rules":[],"_links":{"self":[{"href":"https:\/\/ancorapublicitat.es\/de\/wp-json\/wp\/v2\/product\/45120","targetHints":{"allow":["GET"]}}],"collection":[{"href":"https:\/\/ancorapublicitat.es\/de\/wp-json\/wp\/v2\/product"}],"about":[{"href":"https:\/\/ancorapublicitat.es\/de\/wp-json\/wp\/v2\/types\/product"}],"version-history":[{"count":0,"href":"https:\/\/ancorapublicitat.es\/de\/wp-json\/wp\/v2\/product\/45120\/revisions"}],"wp:featuredmedia":[{"embeddable":true,"href":"https:\/\/ancorapublicitat.es\/de\/wp-json\/wp\/v2\/media\/45123"}],"wp:attachment":[{"href":"https:\/\/ancorapublicitat.es\/de\/wp-json\/wp\/v2\/media?parent=45120"}],"wp:term":[{"taxonomy":"product_cat","embeddable":true,"href":"https:\/\/ancorapublicitat.es\/de\/wp-json\/wp\/v2\/product_cat?post=45120"},{"taxonomy":"product_tag","embeddable":true,"href":"https:\/\/ancorapublicitat.es\/de\/wp-json\/wp\/v2\/product_tag?post=45120"}],"curies":[{"name":"wp","href":"https:\/\/api.w.org\/{rel}","templated":true}]}}

Rucksack für Laptop Quadra Tungsten™ Laptop Backpack QD968

<p>1680D Polyester | Passend für alle gängigen Laptops mit bis zu 15.6´ Monitorgröße | Gefüttertes Laptop-Fach | Fronttasche | Organizer-Element | Kopfhörerkabelausgang | Gepolsterte, verstellbare Schultergurte | Media-Tasche mit Kopfhörerausgang | Halterung für Trinkflasche | Seitentaschen mit Reißverschluss | Tragegriff | Volumen: ca. 18 Liter | Lieferung ohne Inhalt/Deko</p>
