{"id":45126,"date":"2023-03-16T21:02:59","date_gmt":"2023-03-16T21:02:59","guid":{"rendered":"https:\/\/ancorapublicitat.es\/shop\/reisetasche-business-quadra-tungsten-laptop-airporter-qd972\/"},"modified":"2023-04-04T08:13:00","modified_gmt":"2023-04-04T08:13:00","slug":"reisetasche-business-quadra-tungsten-laptop-airporter-qd972","status":"publish","type":"product","link":"https:\/\/ancorapublicitat.es\/de\/shop\/reisetasche-business-quadra-tungsten-laptop-airporter-qd972\/","title":{"rendered":"Reisetasche Business Quadra Tungsten\u2122 Laptop Airporter QD972"},"content":{"rendered":"<p>1680D Polyester | EasyPanel\u2122-Zugang f\u00fcr Bestickung | Ausgelegt f\u00fcr die Nutzung in Flugzeugkabine | Integrierte Rollen f\u00fcr robusten Einsatz | Auszieh- und feststellbarer Griff | Passend f\u00fcr Laptops bis 16&#8243; | Laptop-Fach aus Neopren | Separate Tasche geeignet f\u00fcr Tablet | Fronttasche mit Organizer-Fach | Volumen: ca. 29 Liter | Lieferung ohne Inhalt\/Deko<\/p>\n","protected":false},"excerpt":{"rendered":"<p>1680D Polyester | EasyPanel\u2122-Zugang f\u00fcr Bestickung | Ausgelegt f\u00fcr die Nutzung in Flugzeugkabine | Integrierte Rollen f\u00fcr robusten Einsatz | Auszieh- und feststellbarer Griff | Passend f\u00fcr Laptops bis 16&#8243; | Laptop-Fach aus Neopren | Separate Tasche geeignet f\u00fcr Tablet | Fronttasche mit Organizer-Fach | Volumen: ca. 29 Liter | Lieferung ohne Inhalt\/Deko<\/p>\n","protected":false},"featured_media":45129,"template":"","meta":{"_acf_changed":false},"product_cat":[],"product_tag":[],"class_list":["post-45126","product","type-product","status-publish","has-post-thumbnail","pa_farben-black-dark-graphite","first","instock","purchasable","product-type-variable"],"acf":[],"tiered_pricing_type":"fixed","tiered_pricing_fixed_rules":{"10":101.2999999999999971578290569595992565155029296875,"50":89.349999999999994315658113919198513031005859375,"100":83.400000000000005684341886080801486968994140625,"200":81,"500":76.25},"tiered_pricing_product_settings":{"layout":"default","base_unit_name":{"singular":null,"plural":null},"default_variation":null},"tiered_pricing_minimum_quantity":null,"tiered_pricing_roles_data":[],"tiered_pricing_percentage_rules":[],"_links":{"self":[{"href":"https:\/\/ancorapublicitat.es\/de\/wp-json\/wp\/v2\/product\/45126","targetHints":{"allow":["GET"]}}],"collection":[{"href":"https:\/\/ancorapublicitat.es\/de\/wp-json\/wp\/v2\/product"}],"about":[{"href":"https:\/\/ancorapublicitat.es\/de\/wp-json\/wp\/v2\/types\/product"}],"version-history":[{"count":0,"href":"https:\/\/ancorapublicitat.es\/de\/wp-json\/wp\/v2\/product\/45126\/revisions"}],"wp:featuredmedia":[{"embeddable":true,"href":"https:\/\/ancorapublicitat.es\/de\/wp-json\/wp\/v2\/media\/45129"}],"wp:attachment":[{"href":"https:\/\/ancorapublicitat.es\/de\/wp-json\/wp\/v2\/media?parent=45126"}],"wp:term":[{"taxonomy":"product_cat","embeddable":true,"href":"https:\/\/ancorapublicitat.es\/de\/wp-json\/wp\/v2\/product_cat?post=45126"},{"taxonomy":"product_tag","embeddable":true,"href":"https:\/\/ancorapublicitat.es\/de\/wp-json\/wp\/v2\/product_tag?post=45126"}],"curies":[{"name":"wp","href":"https:\/\/api.w.org\/{rel}","templated":true}]}}

<p>1680D Polyester | EasyPanel™-Zugang für Bestickung | Ausgelegt für die Nutzung in Flugzeugkabine | Integrierte Rollen für robusten Einsatz | Auszieh- und feststellbarer Griff | Passend für Laptops bis 16&#8243; | Laptop-Fach aus Neopren | Separate Tasche geeignet für Tablet | Fronttasche mit Organizer-Fach | Volumen: ca. 29 Liter | Lieferung ohne Inhalt/Deko</p>
