{"id":45206,"date":"2023-03-16T21:03:39","date_gmt":"2023-03-16T21:03:39","guid":{"rendered":"https:\/\/ancorapublicitat.es\/shop\/rucksack-quadra-slx-20-litre-daypack-qx520\/"},"modified":"2023-04-04T08:14:52","modified_gmt":"2023-04-04T08:14:52","slug":"rucksack-quadra-slx-20-litre-daypack-qx520","status":"publish","type":"product","link":"https:\/\/ancorapublicitat.es\/de\/shop\/rucksack-quadra-slx-20-litre-daypack-qx520\/","title":{"rendered":"Rucksack Quadra SLX 20 Litre Daypack QX520"},"content":{"rendered":"<p>600D\/Ripstop-Honigwaben-Polyester-Mischung | Abnehmbare, wasserfeste Regenschutzh\u00fclle | Passend f\u00fcr Laptops bis 15,6&#8243; | Gepolsterte, verstellbare Schulterriemen | Verstellbare H\u00fcft- und Brustgurte | Ergonomisch geformtes, atmungsaktives R\u00fcckenteil mit Netzeinsatz | Fl\u00fcssigkeitsbeh\u00e4ltnis-Fach | Austauschbare, farbige Rei\u00dfverschlusszieher | Volumen: ca. 20 Liter | Lieferung ohne Inhalt\/Deko<\/p>\n","protected":false},"excerpt":{"rendered":"<p>600D\/Ripstop-Honigwaben-Polyester-Mischung | Abnehmbare, wasserfeste Regenschutzh\u00fclle | Passend f\u00fcr Laptops bis 15,6&#8243; | Gepolsterte, verstellbare Schulterriemen | Verstellbare H\u00fcft- und Brustgurte | Ergonomisch geformtes, atmungsaktives R\u00fcckenteil mit Netzeinsatz | Fl\u00fcssigkeitsbeh\u00e4ltnis-Fach | Austauschbare, farbige Rei\u00dfverschlusszieher | Volumen: ca. 20 Liter | Lieferung ohne Inhalt\/Deko<\/p>\n","protected":false},"featured_media":45209,"template":"","meta":{"_acf_changed":false},"product_cat":[],"product_tag":[],"class_list":["post-45206","product","type-product","status-publish","has-post-thumbnail","pa_farben-schwarz-de","first","instock","purchasable","product-type-variable"],"acf":[],"tiered_pricing_type":"fixed","tiered_pricing_fixed_rules":{"10":55.14999999999999857891452847979962825775146484375,"50":48.7000000000000028421709430404007434844970703125,"100":45.4500000000000028421709430404007434844970703125,"200":44.14999999999999857891452847979962825775146484375,"500":41.5499999999999971578290569595992565155029296875},"tiered_pricing_product_settings":{"layout":"default","base_unit_name":{"singular":null,"plural":null},"default_variation":null},"tiered_pricing_minimum_quantity":null,"tiered_pricing_roles_data":[],"tiered_pricing_percentage_rules":[],"_links":{"self":[{"href":"https:\/\/ancorapublicitat.es\/de\/wp-json\/wp\/v2\/product\/45206","targetHints":{"allow":["GET"]}}],"collection":[{"href":"https:\/\/ancorapublicitat.es\/de\/wp-json\/wp\/v2\/product"}],"about":[{"href":"https:\/\/ancorapublicitat.es\/de\/wp-json\/wp\/v2\/types\/product"}],"version-history":[{"count":0,"href":"https:\/\/ancorapublicitat.es\/de\/wp-json\/wp\/v2\/product\/45206\/revisions"}],"wp:featuredmedia":[{"embeddable":true,"href":"https:\/\/ancorapublicitat.es\/de\/wp-json\/wp\/v2\/media\/45209"}],"wp:attachment":[{"href":"https:\/\/ancorapublicitat.es\/de\/wp-json\/wp\/v2\/media?parent=45206"}],"wp:term":[{"taxonomy":"product_cat","embeddable":true,"href":"https:\/\/ancorapublicitat.es\/de\/wp-json\/wp\/v2\/product_cat?post=45206"},{"taxonomy":"product_tag","embeddable":true,"href":"https:\/\/ancorapublicitat.es\/de\/wp-json\/wp\/v2\/product_tag?post=45206"}],"curies":[{"name":"wp","href":"https:\/\/api.w.org\/{rel}","templated":true}]}}

<p>600D/Ripstop-Honigwaben-Polyester-Mischung | Abnehmbare, wasserfeste Regenschutzhülle | Passend für Laptops bis 15,6&#8243; | Gepolsterte, verstellbare Schulterriemen | Verstellbare Hüft- und Brustgurte | Ergonomisch geformtes, atmungsaktives Rückenteil mit Netzeinsatz | Flüssigkeitsbehältnis-Fach | Austauschbare, farbige Reißverschlusszieher | Volumen: ca. 20 Liter | Lieferung ohne Inhalt/Deko</p>
