{"id":45218,"date":"2023-03-16T21:03:44","date_gmt":"2023-03-16T21:03:44","guid":{"rendered":"https:\/\/ancorapublicitat.es\/shop\/sporttasche-quadra-slx-30-litre-stowaway-carry-on-qx550\/"},"modified":"2023-04-04T08:15:11","modified_gmt":"2023-04-04T08:15:11","slug":"sporttasche-quadra-slx-30-litre-stowaway-carry-on-qx550","status":"publish","type":"product","link":"https:\/\/ancorapublicitat.es\/de\/shop\/sporttasche-quadra-slx-30-litre-stowaway-carry-on-qx550\/","title":{"rendered":"Sporttasche Quadra SLX 30 Litre Stowaway Carry-On QX550"},"content":{"rendered":"<p>Heraustrennbares Etikett f\u00fcr einfaches \u00c4ndern der Marke | Leicht und widerstandsf\u00e4hig | Wasserabweisend | Als Handgep\u00e4ck auf Flugreisen geeignet | Reflektierende Akzente | D-Rei\u00dfverschluss-\u00d6ffnung f\u00fcr einfachen Zugang | Gepolstertes Hauptfach f\u00fcr Tragekomfort | Nassfach \/ Schuhfach mit Rei\u00dfverschluss hinten | Frontfach mit Rei\u00dfverschluss und mehrere innenliegende Netzstofff\u00e4cher | Verst\u00e4rkter, gepolsterter Boden | Austauschbare, farbige Rei\u00dfverschlusszieher | Umwandelbare Rucksack-Riemen | Kann in der Hand oder \u00fcber beide Schultern getragen werden | Gepolsterter Handgriff | Tragegriff | 600 D\/600 D-Ripstop-Polyesterkombination mit Wabenmuster | Lieferung ohne Inhalt \/ Deko<\/p>\n","protected":false},"excerpt":{"rendered":"<p>Heraustrennbares Etikett f\u00fcr einfaches \u00c4ndern der Marke | Leicht und widerstandsf\u00e4hig | Wasserabweisend | Als Handgep\u00e4ck auf Flugreisen geeignet | Reflektierende Akzente | D-Rei\u00dfverschluss-\u00d6ffnung f\u00fcr einfachen Zugang | Gepolstertes Hauptfach f\u00fcr Tragekomfort | Nassfach \/ Schuhfach mit Rei\u00dfverschluss hinten | Frontfach mit Rei\u00dfverschluss und mehrere innenliegende Netzstofff\u00e4cher | Verst\u00e4rkter, gepolsterter Boden | Austauschbare, farbige Rei\u00dfverschlusszieher [&hellip;]<\/p>\n","protected":false},"featured_media":45221,"template":"","meta":{"_acf_changed":false},"product_cat":[],"product_tag":[],"class_list":["post-45218","product","type-product","status-publish","has-post-thumbnail","pa_farben-schwarz-de","first","instock","purchasable","product-type-variable"],"acf":[],"tiered_pricing_type":"fixed","tiered_pricing_fixed_rules":{"10":57.39999999999999857891452847979962825775146484375,"50":50.64999999999999857891452847979962825775146484375,"100":47.25,"200":45.89999999999999857891452847979962825775146484375,"500":43.2000000000000028421709430404007434844970703125},"tiered_pricing_product_settings":{"layout":"default","base_unit_name":{"singular":null,"plural":null},"default_variation":null},"tiered_pricing_minimum_quantity":null,"tiered_pricing_roles_data":[],"tiered_pricing_percentage_rules":[],"_links":{"self":[{"href":"https:\/\/ancorapublicitat.es\/de\/wp-json\/wp\/v2\/product\/45218","targetHints":{"allow":["GET"]}}],"collection":[{"href":"https:\/\/ancorapublicitat.es\/de\/wp-json\/wp\/v2\/product"}],"about":[{"href":"https:\/\/ancorapublicitat.es\/de\/wp-json\/wp\/v2\/types\/product"}],"version-history":[{"count":0,"href":"https:\/\/ancorapublicitat.es\/de\/wp-json\/wp\/v2\/product\/45218\/revisions"}],"wp:featuredmedia":[{"embeddable":true,"href":"https:\/\/ancorapublicitat.es\/de\/wp-json\/wp\/v2\/media\/45221"}],"wp:attachment":[{"href":"https:\/\/ancorapublicitat.es\/de\/wp-json\/wp\/v2\/media?parent=45218"}],"wp:term":[{"taxonomy":"product_cat","embeddable":true,"href":"https:\/\/ancorapublicitat.es\/de\/wp-json\/wp\/v2\/product_cat?post=45218"},{"taxonomy":"product_tag","embeddable":true,"href":"https:\/\/ancorapublicitat.es\/de\/wp-json\/wp\/v2\/product_tag?post=45218"}],"curies":[{"name":"wp","href":"https:\/\/api.w.org\/{rel}","templated":true}]}}

<p>Heraustrennbares Etikett für einfaches Ändern der Marke | Leicht und widerstandsfähig | Wasserabweisend | Als Handgepäck auf Flugreisen geeignet | Reflektierende Akzente | D-Reißverschluss-Öffnung für einfachen Zugang | Gepolstertes Hauptfach für Tragekomfort | Nassfach / Schuhfach mit Reißverschluss hinten | Frontfach mit Reißverschluss und mehrere innenliegende Netzstofffächer | Verstärkter, gepolsterter Boden | Austauschbare, farbige Reißverschlusszieher | Umwandelbare Rucksack-Riemen | Kann in der Hand oder über beide Schultern getragen werden | Gepolsterter Handgriff | Tragegriff | 600 D/600 D-Ripstop-Polyesterkombination mit Wabenmuster | Lieferung ohne Inhalt / Deko</p>

<p>Heraustrennbares Etikett für einfaches Ändern der Marke | Leicht und widerstandsfähig | Wasserabweisend | Als Handgepäck auf Flugreisen geeignet | Reflektierende Akzente | D-Reißverschluss-Öffnung für einfachen Zugang | Gepolstertes Hauptfach für Tragekomfort | Nassfach / Schuhfach mit Reißverschluss hinten | Frontfach mit Reißverschluss und mehrere innenliegende Netzstofffächer | Verstärkter, gepolsterter Boden | Austauschbare, farbige Reißverschlusszieher [&hellip;]</p>
