{"id":45224,"date":"2023-03-16T21:03:46","date_gmt":"2023-03-16T21:03:46","guid":{"rendered":"https:\/\/ancorapublicitat.es\/shop\/sporttasche-quadra-slx-60-litre-haul-bag-qx560\/"},"modified":"2023-04-04T08:15:18","modified_gmt":"2023-04-04T08:15:18","slug":"sporttasche-quadra-slx-60-litre-haul-bag-qx560","status":"publish","type":"product","link":"https:\/\/ancorapublicitat.es\/de\/shop\/sporttasche-quadra-slx-60-litre-haul-bag-qx560\/","title":{"rendered":"Sporttasche Quadra SLX 60 Litre Haul Bag QX560"},"content":{"rendered":"<p>Heraustrennbares Etikett f\u00fcr einfaches \u00c4ndern der Marke | Leicht und widerstandsf\u00e4hig | Wasserabweisend | Reflektierende Akzente | D-Rei\u00dfverschluss-\u00d6ffnung f\u00fcr einfachen Zugang | Gepolstertes Hauptfach f\u00fcr Tragekomfort | Nassfach \/ Schuhfach mit Rei\u00dfverschluss hinten | Frontfach mit Rei\u00dfverschluss und mehrere innenliegende Netzstofff\u00e4cher | Verst\u00e4rkter, gepolsterter Boden | Abschlie\u00dfbarer Haupt-Rei\u00dfverschluss | Austauschbare, farbige Rei\u00dfverschlusszieher | Umwandelbare Rucksack-Riemen | Kann in der Hand oder \u00fcber beide Schultern getragen werden | Gepolsterter Handgriff | Tragegriff | 600 D\/600 D-Ripstop-Polyesterkombination mit Wabenmuster | Lieferung ohne Inhalt \/ Deko<\/p>\n","protected":false},"excerpt":{"rendered":"<p>Heraustrennbares Etikett f\u00fcr einfaches \u00c4ndern der Marke | Leicht und widerstandsf\u00e4hig | Wasserabweisend | Reflektierende Akzente | D-Rei\u00dfverschluss-\u00d6ffnung f\u00fcr einfachen Zugang | Gepolstertes Hauptfach f\u00fcr Tragekomfort | Nassfach \/ Schuhfach mit Rei\u00dfverschluss hinten | Frontfach mit Rei\u00dfverschluss und mehrere innenliegende Netzstofff\u00e4cher | Verst\u00e4rkter, gepolsterter Boden | Abschlie\u00dfbarer Haupt-Rei\u00dfverschluss | Austauschbare, farbige Rei\u00dfverschlusszieher | Umwandelbare Rucksack-Riemen [&hellip;]<\/p>\n","protected":false},"featured_media":45227,"template":"","meta":{"_acf_changed":false},"product_cat":[],"product_tag":[],"class_list":["post-45224","product","type-product","status-publish","has-post-thumbnail","pa_farben-schwarz-de","first","instock","purchasable","product-type-variable"],"acf":[],"tiered_pricing_type":"fixed","tiered_pricing_fixed_rules":{"10":66.099999999999994315658113919198513031005859375,"50":58.2999999999999971578290569595992565155029296875,"100":54.4500000000000028421709430404007434844970703125,"200":52.85000000000000142108547152020037174224853515625,"500":49.75},"tiered_pricing_product_settings":{"layout":"default","base_unit_name":{"singular":null,"plural":null},"default_variation":null},"tiered_pricing_minimum_quantity":null,"tiered_pricing_roles_data":[],"tiered_pricing_percentage_rules":[],"_links":{"self":[{"href":"https:\/\/ancorapublicitat.es\/de\/wp-json\/wp\/v2\/product\/45224","targetHints":{"allow":["GET"]}}],"collection":[{"href":"https:\/\/ancorapublicitat.es\/de\/wp-json\/wp\/v2\/product"}],"about":[{"href":"https:\/\/ancorapublicitat.es\/de\/wp-json\/wp\/v2\/types\/product"}],"version-history":[{"count":0,"href":"https:\/\/ancorapublicitat.es\/de\/wp-json\/wp\/v2\/product\/45224\/revisions"}],"wp:featuredmedia":[{"embeddable":true,"href":"https:\/\/ancorapublicitat.es\/de\/wp-json\/wp\/v2\/media\/45227"}],"wp:attachment":[{"href":"https:\/\/ancorapublicitat.es\/de\/wp-json\/wp\/v2\/media?parent=45224"}],"wp:term":[{"taxonomy":"product_cat","embeddable":true,"href":"https:\/\/ancorapublicitat.es\/de\/wp-json\/wp\/v2\/product_cat?post=45224"},{"taxonomy":"product_tag","embeddable":true,"href":"https:\/\/ancorapublicitat.es\/de\/wp-json\/wp\/v2\/product_tag?post=45224"}],"curies":[{"name":"wp","href":"https:\/\/api.w.org\/{rel}","templated":true}]}}

<p>Heraustrennbares Etikett für einfaches Ändern der Marke | Leicht und widerstandsfähig | Wasserabweisend | Reflektierende Akzente | D-Reißverschluss-Öffnung für einfachen Zugang | Gepolstertes Hauptfach für Tragekomfort | Nassfach / Schuhfach mit Reißverschluss hinten | Frontfach mit Reißverschluss und mehrere innenliegende Netzstofffächer | Verstärkter, gepolsterter Boden | Abschließbarer Haupt-Reißverschluss | Austauschbare, farbige Reißverschlusszieher | Umwandelbare Rucksack-Riemen | Kann in der Hand oder über beide Schultern getragen werden | Gepolsterter Handgriff | Tragegriff | 600 D/600 D-Ripstop-Polyesterkombination mit Wabenmuster | Lieferung ohne Inhalt / Deko</p>

<p>Heraustrennbares Etikett für einfaches Ändern der Marke | Leicht und widerstandsfähig | Wasserabweisend | Reflektierende Akzente | D-Reißverschluss-Öffnung für einfachen Zugang | Gepolstertes Hauptfach für Tragekomfort | Nassfach / Schuhfach mit Reißverschluss hinten | Frontfach mit Reißverschluss und mehrere innenliegende Netzstofffächer | Verstärkter, gepolsterter Boden | Abschließbarer Haupt-Reißverschluss | Austauschbare, farbige Reißverschlusszieher | Umwandelbare Rucksack-Riemen [&hellip;]</p>
