{"id":46032,"date":"2023-03-16T21:17:53","date_gmt":"2023-03-16T21:17:53","guid":{"rendered":"https:\/\/ancorapublicitat.es\/shop\/reisetasche-quadra-urban-utility-backpack-qd675\/"},"modified":"2023-04-04T08:31:16","modified_gmt":"2023-04-04T08:31:16","slug":"reisetasche-quadra-urban-utility-backpack-qd675","status":"publish","type":"product","link":"https:\/\/ancorapublicitat.es\/de\/shop\/reisetasche-quadra-urban-utility-backpack-qd675\/","title":{"rendered":"Reisetasche Quadra Urban Utility Backpack QD675"},"content":{"rendered":"<p>Segeltuch-Twill | Abrei\u00dfetikett | Hauptfach mit Rei\u00dfverschluss | Innentasche f\u00fcr Wertsachen | Einstecktasche innen | Durchgehend gef\u00fcttert | Versteckter Rei\u00dfverschluss am Futter f\u00fcr einfachen Zugang zur Dekoration | Strukturierte PU-Tragegriffe | Verstellbare Schultergurte | Kann von Hand oder als Rucksack getragen werden | Lieferung ohne Inhalt\/Deko<\/p>\n","protected":false},"excerpt":{"rendered":"<p>Segeltuch-Twill | Abrei\u00dfetikett | Hauptfach mit Rei\u00dfverschluss | Innentasche f\u00fcr Wertsachen | Einstecktasche innen | Durchgehend gef\u00fcttert | Versteckter Rei\u00dfverschluss am Futter f\u00fcr einfachen Zugang zur Dekoration | Strukturierte PU-Tragegriffe | Verstellbare Schultergurte | Kann von Hand oder als Rucksack getragen werden | Lieferung ohne Inhalt\/Deko<\/p>\n","protected":false},"featured_media":46035,"template":"","meta":{"_acf_changed":false},"product_cat":[],"product_tag":[],"class_list":["post-46032","product","type-product","status-publish","has-post-thumbnail","pa_farben-graphite-grey","pa_farben-olive-green","pa_farben-schwarz-de","first","instock","purchasable","product-type-variable"],"acf":[],"tiered_pricing_type":"fixed","tiered_pricing_fixed_rules":{"10":52.2000000000000028421709430404007434844970703125,"50":46.0499999999999971578290569595992565155029296875,"100":43,"200":41.75,"500":39.2999999999999971578290569595992565155029296875},"tiered_pricing_product_settings":{"layout":"default","base_unit_name":{"singular":null,"plural":null},"default_variation":null},"tiered_pricing_minimum_quantity":null,"tiered_pricing_roles_data":[],"tiered_pricing_percentage_rules":[],"_links":{"self":[{"href":"https:\/\/ancorapublicitat.es\/de\/wp-json\/wp\/v2\/product\/46032","targetHints":{"allow":["GET"]}}],"collection":[{"href":"https:\/\/ancorapublicitat.es\/de\/wp-json\/wp\/v2\/product"}],"about":[{"href":"https:\/\/ancorapublicitat.es\/de\/wp-json\/wp\/v2\/types\/product"}],"version-history":[{"count":0,"href":"https:\/\/ancorapublicitat.es\/de\/wp-json\/wp\/v2\/product\/46032\/revisions"}],"wp:featuredmedia":[{"embeddable":true,"href":"https:\/\/ancorapublicitat.es\/de\/wp-json\/wp\/v2\/media\/46035"}],"wp:attachment":[{"href":"https:\/\/ancorapublicitat.es\/de\/wp-json\/wp\/v2\/media?parent=46032"}],"wp:term":[{"taxonomy":"product_cat","embeddable":true,"href":"https:\/\/ancorapublicitat.es\/de\/wp-json\/wp\/v2\/product_cat?post=46032"},{"taxonomy":"product_tag","embeddable":true,"href":"https:\/\/ancorapublicitat.es\/de\/wp-json\/wp\/v2\/product_tag?post=46032"}],"curies":[{"name":"wp","href":"https:\/\/api.w.org\/{rel}","templated":true}]}}

<p>Segeltuch-Twill | Abreißetikett | Hauptfach mit Reißverschluss | Innentasche für Wertsachen | Einstecktasche innen | Durchgehend gefüttert | Versteckter Reißverschluss am Futter für einfachen Zugang zur Dekoration | Strukturierte PU-Tragegriffe | Verstellbare Schultergurte | Kann von Hand oder als Rucksack getragen werden | Lieferung ohne Inhalt/Deko</p>
