{"id":49765,"date":"2023-03-29T19:32:33","date_gmt":"2023-03-29T19:32:33","guid":{"rendered":"https:\/\/ancorapublicitat.es\/shop\/herren-arbeitshose-projob-2530-allzweck-gerader-schnitt-642530\/"},"modified":"2023-04-03T19:53:12","modified_gmt":"2023-04-03T19:53:12","slug":"herren-arbeitshose-projob-2530-allzweck-gerader-schnitt-642530","status":"publish","type":"product","link":"https:\/\/ancorapublicitat.es\/de\/shop\/herren-arbeitshose-projob-2530-allzweck-gerader-schnitt-642530\/","title":{"rendered":"Herren Arbeitshose ProJob 2530 Allzweck gerader Schnitt 642530"},"content":{"rendered":"<p>Gerade geschnittene Allzweck Arbeitshose aus Polyester-Baumwoll-Mischgewebe. Zwei vordere Jeanstaschen. Zwei Ges\u00e4sstaschen mit Patte. Linke Beintasche mit Patte und weiteren Aufteilungen f\u00fcr u.a. Natel. Eine Metertasche am rechten Bein. Gr\u00f6ssen C42 &#8211; C64 k\u00f6nnen um bis zu 5 cm verl\u00e4ngert werden. 245 g\/m\u00b2<\/p>\n","protected":false},"excerpt":{"rendered":"<p>Gerade geschnittene Allzweck Arbeitshose aus Polyester-Baumwoll-Mischgewebe. Zwei vordere Jeanstaschen. Zwei Ges\u00e4sstaschen mit Patte. Linke Beintasche mit Patte und weiteren Aufteilungen f\u00fcr u.a. Natel. Eine Metertasche am rechten Bein. Gr\u00f6ssen C42 &#8211; C64 k\u00f6nnen um bis zu 5 cm verl\u00e4ngert werden. 245 g\/m\u00b2<\/p>\n","protected":false},"featured_media":49768,"template":"","meta":{"_acf_changed":false},"product_cat":[],"product_tag":[],"class_list":["post-49765","product","type-product","status-publish","has-post-thumbnail","pa_farben-grau-98","pa_farben-himmelblau-53","pa_farben-khaki-82","pa_farben-marine-58","pa_farben-rot-35","pa_farben-schwarz-99","pa_farben-waldgruen-66","pa_groessen-c42","pa_groessen-c42-c164-und-d84-d120-als-sondergroesse","pa_groessen-c44","pa_groessen-c46","pa_groessen-c48","pa_groessen-c50","pa_groessen-c52","pa_groessen-c54","pa_groessen-c56","pa_groessen-c58","pa_groessen-c60","pa_groessen-c62","first","instock","product-type-variable"],"acf":[],"tiered_pricing_type":"fixed","tiered_pricing_fixed_rules":{"99":20},"tiered_pricing_product_settings":{"layout":"default","base_unit_name":{"singular":null,"plural":null},"default_variation":null},"tiered_pricing_minimum_quantity":null,"tiered_pricing_roles_data":[],"tiered_pricing_percentage_rules":[],"_links":{"self":[{"href":"https:\/\/ancorapublicitat.es\/de\/wp-json\/wp\/v2\/product\/49765","targetHints":{"allow":["GET"]}}],"collection":[{"href":"https:\/\/ancorapublicitat.es\/de\/wp-json\/wp\/v2\/product"}],"about":[{"href":"https:\/\/ancorapublicitat.es\/de\/wp-json\/wp\/v2\/types\/product"}],"version-history":[{"count":0,"href":"https:\/\/ancorapublicitat.es\/de\/wp-json\/wp\/v2\/product\/49765\/revisions"}],"wp:featuredmedia":[{"embeddable":true,"href":"https:\/\/ancorapublicitat.es\/de\/wp-json\/wp\/v2\/media\/49768"}],"wp:attachment":[{"href":"https:\/\/ancorapublicitat.es\/de\/wp-json\/wp\/v2\/media?parent=49765"}],"wp:term":[{"taxonomy":"product_cat","embeddable":true,"href":"https:\/\/ancorapublicitat.es\/de\/wp-json\/wp\/v2\/product_cat?post=49765"},{"taxonomy":"product_tag","embeddable":true,"href":"https:\/\/ancorapublicitat.es\/de\/wp-json\/wp\/v2\/product_tag?post=49765"}],"curies":[{"name":"wp","href":"https:\/\/api.w.org\/{rel}","templated":true}]}}

<p>Gerade geschnittene Allzweck Arbeitshose aus Polyester-Baumwoll-Mischgewebe. Zwei vordere Jeanstaschen. Zwei Gesässtaschen mit Patte. Linke Beintasche mit Patte und weiteren Aufteilungen für u.a. Natel. Eine Metertasche am rechten Bein. Grössen C42 &#8211; C64 können um bis zu 5 cm verlängert werden. 245 g/m²</p>
