{"id":49813,"date":"2023-03-29T19:34:00","date_gmt":"2023-03-29T19:34:00","guid":{"rendered":"https:\/\/ancorapublicitat.es\/shop\/herren-arbeitsshorts-projob-2528-moderner-schnitt-642528\/"},"modified":"2023-04-03T19:55:05","modified_gmt":"2023-04-03T19:55:05","slug":"herren-arbeitsshorts-projob-2528-moderner-schnitt-642528","status":"publish","type":"product","link":"https:\/\/ancorapublicitat.es\/de\/shop\/herren-arbeitsshorts-projob-2528-moderner-schnitt-642528\/","title":{"rendered":"Herren Arbeitsshorts ProJob 2528 moderner Schnitt 642528"},"content":{"rendered":"<p>Leichte, modern geschnittene Shorts mit zwei Beintaschen und Ges\u00e4sstaschen mit Patte. Die linke Beintasche mit Patte und innen liegender Handy-Tasche. Die rechte Tasche bietet Platz f\u00fcr Mobiltelefon, Schreibger\u00e4te, Dokumente und Meterstab. 245 g\/m\u00b2<\/p>\n","protected":false},"excerpt":{"rendered":"<p>Leichte, modern geschnittene Shorts mit zwei Beintaschen und Ges\u00e4sstaschen mit Patte. Die linke Beintasche mit Patte und innen liegender Handy-Tasche. Die rechte Tasche bietet Platz f\u00fcr Mobiltelefon, Schreibger\u00e4te, Dokumente und Meterstab. 245 g\/m\u00b2<\/p>\n","protected":false},"featured_media":49816,"template":"","meta":{"_acf_changed":false},"product_cat":[],"product_tag":[],"class_list":["post-49813","product","type-product","status-publish","has-post-thumbnail","pa_farben-grau-98","pa_farben-himmelblau-53","pa_farben-marine-58","pa_farben-rot-35","pa_farben-schwarz-99","pa_farben-waldgruen-66","pa_farben-weiss-00","pa_groessen-c42","pa_groessen-c44","pa_groessen-c46","pa_groessen-c48","pa_groessen-c50","pa_groessen-c52","pa_groessen-c54","pa_groessen-c56","pa_groessen-c58","pa_groessen-c60","pa_groessen-c62","pa_groessen-c64","first","instock","purchasable","product-type-variable"],"acf":[],"tiered_pricing_type":"fixed","tiered_pricing_fixed_rules":{"9":49.35000000000000142108547152020037174224853515625,"19":46.89999999999999857891452847979962825775146484375,"49":45.39999999999999857891452847979962825775146484375,"99":44.39999999999999857891452847979962825775146484375},"tiered_pricing_product_settings":{"layout":"default","base_unit_name":{"singular":null,"plural":null},"default_variation":null},"tiered_pricing_minimum_quantity":null,"tiered_pricing_roles_data":[],"tiered_pricing_percentage_rules":[],"_links":{"self":[{"href":"https:\/\/ancorapublicitat.es\/de\/wp-json\/wp\/v2\/product\/49813","targetHints":{"allow":["GET"]}}],"collection":[{"href":"https:\/\/ancorapublicitat.es\/de\/wp-json\/wp\/v2\/product"}],"about":[{"href":"https:\/\/ancorapublicitat.es\/de\/wp-json\/wp\/v2\/types\/product"}],"version-history":[{"count":0,"href":"https:\/\/ancorapublicitat.es\/de\/wp-json\/wp\/v2\/product\/49813\/revisions"}],"wp:featuredmedia":[{"embeddable":true,"href":"https:\/\/ancorapublicitat.es\/de\/wp-json\/wp\/v2\/media\/49816"}],"wp:attachment":[{"href":"https:\/\/ancorapublicitat.es\/de\/wp-json\/wp\/v2\/media?parent=49813"}],"wp:term":[{"taxonomy":"product_cat","embeddable":true,"href":"https:\/\/ancorapublicitat.es\/de\/wp-json\/wp\/v2\/product_cat?post=49813"},{"taxonomy":"product_tag","embeddable":true,"href":"https:\/\/ancorapublicitat.es\/de\/wp-json\/wp\/v2\/product_tag?post=49813"}],"curies":[{"name":"wp","href":"https:\/\/api.w.org\/{rel}","templated":true}]}}

<p>Leichte, modern geschnittene Shorts mit zwei Beintaschen und Gesässtaschen mit Patte. Die linke Beintasche mit Patte und innen liegender Handy-Tasche. Die rechte Tasche bietet Platz für Mobiltelefon, Schreibgeräte, Dokumente und Meterstab. 245 g/m²</p>
