{"id":50201,"date":"2023-03-29T19:48:48","date_gmt":"2023-03-29T19:48:48","guid":{"rendered":"https:\/\/ancorapublicitat.es\/shop\/herren-hosen-projob-5501-arbeitshose-645501\/"},"modified":"2023-04-03T19:29:23","modified_gmt":"2023-04-03T19:29:23","slug":"herren-hosen-projob-5501-arbeitshose-645501","status":"publish","type":"product","link":"https:\/\/ancorapublicitat.es\/de\/shop\/herren-hosen-projob-5501-arbeitshose-645501\/","title":{"rendered":"Herren Hosen ProJob 5501 ARBEITSHOSE 645501"},"content":{"rendered":"<p>Zwei freih\u00e4ngende Nageltaschen, die in die Seitentaschen eingesteckt werden k\u00f6nnen; eine mit Zusatztaschen und eine mit Werkzeugschlaufen. Die Nageltaschen sind mit 100% Cordura\u00ae verst\u00e4rkt. Beintaschen mit Handy-Tasche, Tasche f\u00fcr Schreibger\u00e4te und Werkzeug-Tasche. Zwei verstellbare Hammerhalter. Zwei D-Ringe. Zollstock-Tasche mit Werkzeug-Tasche und Messer-Knopf. Knieprotektortaschen aus Cordura\u00ae mit \u00d6ffnungen auf der Innenseite des Hosenbeins. H\u00f6he der Knieprotektoren verstellbar. Vorgeformte Kniepartien. Hinteres Beinende mit Cordura\u00ae verst\u00e4rkt. Extrabreite Ges\u00e4\u00dftaschen. Ges\u00e4\u00df- und Beintaschen vorbereitet f\u00fcr Inbags. 375 g\/m2.<\/p>\n","protected":false},"excerpt":{"rendered":"<p>Zwei freih\u00e4ngende Nageltaschen, die in die Seitentaschen eingesteckt werden k\u00f6nnen; eine mit Zusatztaschen und eine mit Werkzeugschlaufen. Die Nageltaschen sind mit 100% Cordura\u00ae verst\u00e4rkt. Beintaschen mit Handy-Tasche, Tasche f\u00fcr Schreibger\u00e4te und Werkzeug-Tasche. Zwei verstellbare Hammerhalter. Zwei D-Ringe. Zollstock-Tasche mit Werkzeug-Tasche und Messer-Knopf. Knieprotektortaschen aus Cordura\u00ae mit \u00d6ffnungen auf der Innenseite des Hosenbeins. H\u00f6he der Knieprotektoren [&hellip;]<\/p>\n","protected":false},"featured_media":50204,"template":"","meta":{"_acf_changed":false},"product_cat":[],"product_tag":[],"class_list":["post-50201","product","type-product","status-publish","has-post-thumbnail","pa_farben-blau-56","pa_farben-schwarz-99","pa_farben-stone-83","pa_groessen-c146-c156-und-d84-d120-als-sondergroesse","pa_groessen-c44","pa_groessen-c46","pa_groessen-c48","pa_groessen-c50","pa_groessen-c52","pa_groessen-c54","pa_groessen-c56","pa_groessen-c58","pa_groessen-c60","pa_groessen-c62","first","instock","purchasable","product-type-variable"],"acf":[],"tiered_pricing_type":"fixed","tiered_pricing_fixed_rules":{"9":109.150000000000005684341886080801486968994140625,"19":103.7000000000000028421709430404007434844970703125,"49":100.400000000000005684341886080801486968994140625,"99":98.25},"tiered_pricing_product_settings":{"layout":"default","base_unit_name":{"singular":null,"plural":null},"default_variation":null},"tiered_pricing_minimum_quantity":null,"tiered_pricing_roles_data":[],"tiered_pricing_percentage_rules":[],"_links":{"self":[{"href":"https:\/\/ancorapublicitat.es\/de\/wp-json\/wp\/v2\/product\/50201","targetHints":{"allow":["GET"]}}],"collection":[{"href":"https:\/\/ancorapublicitat.es\/de\/wp-json\/wp\/v2\/product"}],"about":[{"href":"https:\/\/ancorapublicitat.es\/de\/wp-json\/wp\/v2\/types\/product"}],"version-history":[{"count":0,"href":"https:\/\/ancorapublicitat.es\/de\/wp-json\/wp\/v2\/product\/50201\/revisions"}],"wp:featuredmedia":[{"embeddable":true,"href":"https:\/\/ancorapublicitat.es\/de\/wp-json\/wp\/v2\/media\/50204"}],"wp:attachment":[{"href":"https:\/\/ancorapublicitat.es\/de\/wp-json\/wp\/v2\/media?parent=50201"}],"wp:term":[{"taxonomy":"product_cat","embeddable":true,"href":"https:\/\/ancorapublicitat.es\/de\/wp-json\/wp\/v2\/product_cat?post=50201"},{"taxonomy":"product_tag","embeddable":true,"href":"https:\/\/ancorapublicitat.es\/de\/wp-json\/wp\/v2\/product_tag?post=50201"}],"curies":[{"name":"wp","href":"https:\/\/api.w.org\/{rel}","templated":true}]}}

<p>Zwei freihängende Nageltaschen, die in die Seitentaschen eingesteckt werden können; eine mit Zusatztaschen und eine mit Werkzeugschlaufen. Die Nageltaschen sind mit 100% Cordura® verstärkt. Beintaschen mit Handy-Tasche, Tasche für Schreibgeräte und Werkzeug-Tasche. Zwei verstellbare Hammerhalter. Zwei D-Ringe. Zollstock-Tasche mit Werkzeug-Tasche und Messer-Knopf. Knieprotektortaschen aus Cordura® mit Öffnungen auf der Innenseite des Hosenbeins. Höhe der Knieprotektoren verstellbar. Vorgeformte Kniepartien. Hinteres Beinende mit Cordura® verstärkt. Extrabreite Gesäßtaschen. Gesäß- und Beintaschen vorbereitet für Inbags. 375 g/m2.</p>

<p>Zwei freihängende Nageltaschen, die in die Seitentaschen eingesteckt werden können; eine mit Zusatztaschen und eine mit Werkzeugschlaufen. Die Nageltaschen sind mit 100% Cordura® verstärkt. Beintaschen mit Handy-Tasche, Tasche für Schreibgeräte und Werkzeug-Tasche. Zwei verstellbare Hammerhalter. Zwei D-Ringe. Zollstock-Tasche mit Werkzeug-Tasche und Messer-Knopf. Knieprotektortaschen aus Cordura® mit Öffnungen auf der Innenseite des Hosenbeins. Höhe der Knieprotektoren [&hellip;]</p>
