{"id":50257,"date":"2023-03-29T19:50:02","date_gmt":"2023-03-29T19:50:02","guid":{"rendered":"https:\/\/ancorapublicitat.es\/shop\/herren-sicherheitshose-projob-6501-en-iso-20471-klasse-2-gerader-schnitt-646501\/"},"modified":"2023-04-03T19:29:57","modified_gmt":"2023-04-03T19:29:57","slug":"herren-sicherheitshose-projob-6501-en-iso-20471-klasse-2-gerader-schnitt-646501","status":"publish","type":"product","link":"https:\/\/ancorapublicitat.es\/de\/shop\/herren-sicherheitshose-projob-6501-en-iso-20471-klasse-2-gerader-schnitt-646501\/","title":{"rendered":"Herren Sicherheitshose ProJob 6501 EN ISO 20471 Klasse 2 gerader Schnitt 646501"},"content":{"rendered":"<p>Gerade geschnittene Hose mit glatter Vorderseite. Zwei tiefe Fronttaschen mit Seiteneingriff und Sicherheitstasche mit Reissverschluss auf der rechten Seite. Zwei Beintaschen mit Unterteilung f\u00fcr z.B. Schreibutensilien. Linke Beintasche mit Platz f\u00fcr Mobiltelefon. Metertasche am rechten Bein. Cordura-Verst\u00e4rkung an den Stosskanten der Seitentaschen, der unteren Partie der Ges\u00e4ss- und Beintaschen, der Metertasche, der Tasche f\u00fcr Schreibger\u00e4te und am unteren Ende der Hosenbeine. Knieprotektortaschen mit \u00d6ffnungen auf der Innenseite des Hosenbeins. Fluoreszierende Bereiche sind DWR-C6 beschichtet, so dass das Material wasser-, staub- und schmutzabweisend ist. 275 g\/m\u00b2<\/p>\n","protected":false},"excerpt":{"rendered":"<p>Gerade geschnittene Hose mit glatter Vorderseite. Zwei tiefe Fronttaschen mit Seiteneingriff und Sicherheitstasche mit Reissverschluss auf der rechten Seite. Zwei Beintaschen mit Unterteilung f\u00fcr z.B. Schreibutensilien. Linke Beintasche mit Platz f\u00fcr Mobiltelefon. Metertasche am rechten Bein. Cordura-Verst\u00e4rkung an den Stosskanten der Seitentaschen, der unteren Partie der Ges\u00e4ss- und Beintaschen, der Metertasche, der Tasche f\u00fcr Schreibger\u00e4te [&hellip;]<\/p>\n","protected":false},"featured_media":50260,"template":"","meta":{"_acf_changed":false},"product_cat":[],"product_tag":[],"class_list":["post-50257","product","type-product","status-publish","has-post-thumbnail","pa_farben-gelb-10","pa_farben-gelb-schwarz-11","pa_farben-orange-17","pa_groessen-c146-c156-und-d84-d120-als-sondergroesse","pa_groessen-c44","pa_groessen-c46","pa_groessen-c48","pa_groessen-c50","pa_groessen-c52","pa_groessen-c54","pa_groessen-c56","pa_groessen-c58","pa_groessen-c60","pa_groessen-c62","first","instock","purchasable","product-type-variable"],"acf":[],"tiered_pricing_type":"fixed","tiered_pricing_fixed_rules":{"9":97.650000000000005684341886080801486968994140625,"19":92.75,"49":89.849999999999994315658113919198513031005859375,"99":87.900000000000005684341886080801486968994140625},"tiered_pricing_product_settings":{"layout":"default","base_unit_name":{"singular":null,"plural":null},"default_variation":null},"tiered_pricing_minimum_quantity":null,"tiered_pricing_roles_data":[],"tiered_pricing_percentage_rules":[],"_links":{"self":[{"href":"https:\/\/ancorapublicitat.es\/de\/wp-json\/wp\/v2\/product\/50257","targetHints":{"allow":["GET"]}}],"collection":[{"href":"https:\/\/ancorapublicitat.es\/de\/wp-json\/wp\/v2\/product"}],"about":[{"href":"https:\/\/ancorapublicitat.es\/de\/wp-json\/wp\/v2\/types\/product"}],"version-history":[{"count":0,"href":"https:\/\/ancorapublicitat.es\/de\/wp-json\/wp\/v2\/product\/50257\/revisions"}],"wp:featuredmedia":[{"embeddable":true,"href":"https:\/\/ancorapublicitat.es\/de\/wp-json\/wp\/v2\/media\/50260"}],"wp:attachment":[{"href":"https:\/\/ancorapublicitat.es\/de\/wp-json\/wp\/v2\/media?parent=50257"}],"wp:term":[{"taxonomy":"product_cat","embeddable":true,"href":"https:\/\/ancorapublicitat.es\/de\/wp-json\/wp\/v2\/product_cat?post=50257"},{"taxonomy":"product_tag","embeddable":true,"href":"https:\/\/ancorapublicitat.es\/de\/wp-json\/wp\/v2\/product_tag?post=50257"}],"curies":[{"name":"wp","href":"https:\/\/api.w.org\/{rel}","templated":true}]}}

<p>Gerade geschnittene Hose mit glatter Vorderseite. Zwei tiefe Fronttaschen mit Seiteneingriff und Sicherheitstasche mit Reissverschluss auf der rechten Seite. Zwei Beintaschen mit Unterteilung für z.B. Schreibutensilien. Linke Beintasche mit Platz für Mobiltelefon. Metertasche am rechten Bein. Cordura-Verstärkung an den Stosskanten der Seitentaschen, der unteren Partie der Gesäss- und Beintaschen, der Metertasche, der Tasche für Schreibgeräte und am unteren Ende der Hosenbeine. Knieprotektortaschen mit Öffnungen auf der Innenseite des Hosenbeins. Fluoreszierende Bereiche sind DWR-C6 beschichtet, so dass das Material wasser-, staub- und schmutzabweisend ist. 275 g/m²</p>

<p>Gerade geschnittene Hose mit glatter Vorderseite. Zwei tiefe Fronttaschen mit Seiteneingriff und Sicherheitstasche mit Reissverschluss auf der rechten Seite. Zwei Beintaschen mit Unterteilung für z.B. Schreibutensilien. Linke Beintasche mit Platz für Mobiltelefon. Metertasche am rechten Bein. Cordura-Verstärkung an den Stosskanten der Seitentaschen, der unteren Partie der Gesäss- und Beintaschen, der Metertasche, der Tasche für Schreibgeräte [&hellip;]</p>
