{"id":50331,"date":"2023-03-29T19:59:08","date_gmt":"2023-03-29T19:59:08","guid":{"rendered":"https:\/\/ancorapublicitat.es\/shop\/herren-shorts-projob-5502-shorts-645502\/"},"modified":"2023-04-03T19:13:01","modified_gmt":"2023-04-03T19:13:01","slug":"herren-shorts-projob-5502-shorts-645502","status":"publish","type":"product","link":"https:\/\/ancorapublicitat.es\/de\/shop\/herren-shorts-projob-5502-shorts-645502\/","title":{"rendered":"Herren Shorts ProJob 5502 SHORTS 645502"},"content":{"rendered":"<p>Shorts mit zwei freih\u00e4ngende Nageltaschen, die in die Seitentaschen eingesteckt werden k\u00f6nnen; eine mit Zusatztaschen und eine mit Werkzeugschlaufen. Die Nageltaschen sind mit 100% Cordura\u00ae verst\u00e4rkt. Tasche mit Platz f\u00fcr Mobiltelefon und Schreibger\u00e4te. Zwei D-Ringe. Zollstock-Tasche mit Werkzeug-Tasche und Messer-Knopf. Knieprotektortaschen aus Cordura\u00ae mit \u00d6ffnungen auf der Innenseite des Hosenbeins. H\u00f6he der Knieprotektoren verstellbar. Vorgeformte Kniepartien. Hinteres Beinende mit Cordura\u00ae verst\u00e4rkt. Extrabreite Ges\u00e4\u00dftaschen. Ges\u00e4\u00df- und Beintaschen vorbereitet f\u00fcr Inbags. 375 g\/m2.<\/p>\n","protected":false},"excerpt":{"rendered":"<p>Shorts mit zwei freih\u00e4ngende Nageltaschen, die in die Seitentaschen eingesteckt werden k\u00f6nnen; eine mit Zusatztaschen und eine mit Werkzeugschlaufen. Die Nageltaschen sind mit 100% Cordura\u00ae verst\u00e4rkt. Tasche mit Platz f\u00fcr Mobiltelefon und Schreibger\u00e4te. Zwei D-Ringe. Zollstock-Tasche mit Werkzeug-Tasche und Messer-Knopf. Knieprotektortaschen aus Cordura\u00ae mit \u00d6ffnungen auf der Innenseite des Hosenbeins. H\u00f6he der Knieprotektoren verstellbar. Vorgeformte [&hellip;]<\/p>\n","protected":false},"featured_media":50334,"template":"","meta":{"_acf_changed":false},"product_cat":[],"product_tag":[],"class_list":["post-50331","product","type-product","status-publish","has-post-thumbnail","pa_farben-schwarz-99","pa_groessen-c44","pa_groessen-c46","pa_groessen-c48","pa_groessen-c50","pa_groessen-c52","pa_groessen-c54","pa_groessen-c56","pa_groessen-c58","pa_groessen-c60","pa_groessen-c62","first","instock","purchasable","product-type-variable"],"acf":[],"tiered_pricing_type":"fixed","tiered_pricing_fixed_rules":{"9":97.650000000000005684341886080801486968994140625,"19":92.75,"49":89.849999999999994315658113919198513031005859375,"99":87.900000000000005684341886080801486968994140625},"tiered_pricing_product_settings":{"layout":"default","base_unit_name":{"singular":null,"plural":null},"default_variation":null},"tiered_pricing_minimum_quantity":null,"tiered_pricing_roles_data":[],"tiered_pricing_percentage_rules":[],"_links":{"self":[{"href":"https:\/\/ancorapublicitat.es\/de\/wp-json\/wp\/v2\/product\/50331","targetHints":{"allow":["GET"]}}],"collection":[{"href":"https:\/\/ancorapublicitat.es\/de\/wp-json\/wp\/v2\/product"}],"about":[{"href":"https:\/\/ancorapublicitat.es\/de\/wp-json\/wp\/v2\/types\/product"}],"version-history":[{"count":0,"href":"https:\/\/ancorapublicitat.es\/de\/wp-json\/wp\/v2\/product\/50331\/revisions"}],"wp:featuredmedia":[{"embeddable":true,"href":"https:\/\/ancorapublicitat.es\/de\/wp-json\/wp\/v2\/media\/50334"}],"wp:attachment":[{"href":"https:\/\/ancorapublicitat.es\/de\/wp-json\/wp\/v2\/media?parent=50331"}],"wp:term":[{"taxonomy":"product_cat","embeddable":true,"href":"https:\/\/ancorapublicitat.es\/de\/wp-json\/wp\/v2\/product_cat?post=50331"},{"taxonomy":"product_tag","embeddable":true,"href":"https:\/\/ancorapublicitat.es\/de\/wp-json\/wp\/v2\/product_tag?post=50331"}],"curies":[{"name":"wp","href":"https:\/\/api.w.org\/{rel}","templated":true}]}}

<p>Shorts mit zwei freihängende Nageltaschen, die in die Seitentaschen eingesteckt werden können; eine mit Zusatztaschen und eine mit Werkzeugschlaufen. Die Nageltaschen sind mit 100% Cordura® verstärkt. Tasche mit Platz für Mobiltelefon und Schreibgeräte. Zwei D-Ringe. Zollstock-Tasche mit Werkzeug-Tasche und Messer-Knopf. Knieprotektortaschen aus Cordura® mit Öffnungen auf der Innenseite des Hosenbeins. Höhe der Knieprotektoren verstellbar. Vorgeformte Kniepartien. Hinteres Beinende mit Cordura® verstärkt. Extrabreite Gesäßtaschen. Gesäß- und Beintaschen vorbereitet für Inbags. 375 g/m2.</p>

<p>Shorts mit zwei freihängende Nageltaschen, die in die Seitentaschen eingesteckt werden können; eine mit Zusatztaschen und eine mit Werkzeugschlaufen. Die Nageltaschen sind mit 100% Cordura® verstärkt. Tasche mit Platz für Mobiltelefon und Schreibgeräte. Zwei D-Ringe. Zollstock-Tasche mit Werkzeug-Tasche und Messer-Knopf. Knieprotektortaschen aus Cordura® mit Öffnungen auf der Innenseite des Hosenbeins. Höhe der Knieprotektoren verstellbar. Vorgeformte [&hellip;]</p>
