{"id":50345,"date":"2023-03-29T19:59:29","date_gmt":"2023-03-29T19:59:29","guid":{"rendered":"https:\/\/ancorapublicitat.es\/shop\/herren-sicherheitsshorts-projob-6503-mit-haengetaschen-en-iso-20471-klasse-2-646503\/"},"modified":"2023-04-03T19:13:58","modified_gmt":"2023-04-03T19:13:58","slug":"herren-sicherheitsshorts-projob-6503-mit-haengetaschen-en-iso-20471-klasse-2-646503","status":"publish","type":"product","link":"https:\/\/ancorapublicitat.es\/de\/shop\/herren-sicherheitsshorts-projob-6503-mit-haengetaschen-en-iso-20471-klasse-2-646503\/","title":{"rendered":"Herren Sicherheitsshorts ProJob 6503 mit H\u00e4ngetaschen EN ISO 20471 Klasse 2 646503"},"content":{"rendered":"<p>Gerade geschnittene Shorts mit zwei freih\u00e4ngenden H\u00e4ngetaschen, die in die Seitentaschen eingesteckt werden k\u00f6nnen; eine mit Zusatztaschen und eine mit Werkzeugschlaufen. Die H\u00e4ngetaschen sind mit Polyamid verst\u00e4rkt. Beintasche mit Taschen f\u00fcr Mobiltelefon, Schreibger\u00e4te und Werkzeug. Zwei verstellbare Hammerhalter. Zwei D-Ringe. Metertasche mit Werkzeugschlaufen und Knopf. Extra grosse Ges\u00e4sstaschen. DWR-C6 beschichtet, so dass das Material wasser-, staub- und schmutzabweisend ist. 275 g\/m\u00b2<\/p>\n","protected":false},"excerpt":{"rendered":"<p>Gerade geschnittene Shorts mit zwei freih\u00e4ngenden H\u00e4ngetaschen, die in die Seitentaschen eingesteckt werden k\u00f6nnen; eine mit Zusatztaschen und eine mit Werkzeugschlaufen. Die H\u00e4ngetaschen sind mit Polyamid verst\u00e4rkt. Beintasche mit Taschen f\u00fcr Mobiltelefon, Schreibger\u00e4te und Werkzeug. Zwei verstellbare Hammerhalter. Zwei D-Ringe. Metertasche mit Werkzeugschlaufen und Knopf. Extra grosse Ges\u00e4sstaschen. DWR-C6 beschichtet, so dass das Material wasser-, [&hellip;]<\/p>\n","protected":false},"featured_media":50348,"template":"","meta":{"_acf_changed":false},"product_cat":[],"product_tag":[],"class_list":["post-50345","product","type-product","status-publish","has-post-thumbnail","pa_farben-gelb-marineblau-10","pa_farben-gelb-schwarz-11","pa_farben-orange-17","pa_farben-orange-schwarz-1799","pa_groessen-c44","pa_groessen-c46","pa_groessen-c48","pa_groessen-c50","pa_groessen-c52","pa_groessen-c54","pa_groessen-c56","pa_groessen-c58","pa_groessen-c60","pa_groessen-c62","first","instock","purchasable","product-type-variable"],"acf":[],"tiered_pricing_type":"fixed","tiered_pricing_fixed_rules":{"9":97.650000000000005684341886080801486968994140625,"19":92.75,"49":89.849999999999994315658113919198513031005859375,"99":87.900000000000005684341886080801486968994140625},"tiered_pricing_product_settings":{"layout":"default","base_unit_name":{"singular":null,"plural":null},"default_variation":null},"tiered_pricing_minimum_quantity":null,"tiered_pricing_roles_data":[],"tiered_pricing_percentage_rules":[],"_links":{"self":[{"href":"https:\/\/ancorapublicitat.es\/de\/wp-json\/wp\/v2\/product\/50345","targetHints":{"allow":["GET"]}}],"collection":[{"href":"https:\/\/ancorapublicitat.es\/de\/wp-json\/wp\/v2\/product"}],"about":[{"href":"https:\/\/ancorapublicitat.es\/de\/wp-json\/wp\/v2\/types\/product"}],"version-history":[{"count":0,"href":"https:\/\/ancorapublicitat.es\/de\/wp-json\/wp\/v2\/product\/50345\/revisions"}],"wp:featuredmedia":[{"embeddable":true,"href":"https:\/\/ancorapublicitat.es\/de\/wp-json\/wp\/v2\/media\/50348"}],"wp:attachment":[{"href":"https:\/\/ancorapublicitat.es\/de\/wp-json\/wp\/v2\/media?parent=50345"}],"wp:term":[{"taxonomy":"product_cat","embeddable":true,"href":"https:\/\/ancorapublicitat.es\/de\/wp-json\/wp\/v2\/product_cat?post=50345"},{"taxonomy":"product_tag","embeddable":true,"href":"https:\/\/ancorapublicitat.es\/de\/wp-json\/wp\/v2\/product_tag?post=50345"}],"curies":[{"name":"wp","href":"https:\/\/api.w.org\/{rel}","templated":true}]}}

Herren Sicherheitsshorts ProJob 6503 mit Hängetaschen EN ISO 20471 Klasse 2 646503

<p>Gerade geschnittene Shorts mit zwei freihängenden Hängetaschen, die in die Seitentaschen eingesteckt werden können; eine mit Zusatztaschen und eine mit Werkzeugschlaufen. Die Hängetaschen sind mit Polyamid verstärkt. Beintasche mit Taschen für Mobiltelefon, Schreibgeräte und Werkzeug. Zwei verstellbare Hammerhalter. Zwei D-Ringe. Metertasche mit Werkzeugschlaufen und Knopf. Extra grosse Gesässtaschen. DWR-C6 beschichtet, so dass das Material wasser-, staub- und schmutzabweisend ist. 275 g/m²</p>

<p>Gerade geschnittene Shorts mit zwei freihängenden Hängetaschen, die in die Seitentaschen eingesteckt werden können; eine mit Zusatztaschen und eine mit Werkzeugschlaufen. Die Hängetaschen sind mit Polyamid verstärkt. Beintasche mit Taschen für Mobiltelefon, Schreibgeräte und Werkzeug. Zwei verstellbare Hammerhalter. Zwei D-Ringe. Metertasche mit Werkzeugschlaufen und Knopf. Extra grosse Gesässtaschen. DWR-C6 beschichtet, so dass das Material wasser-, [&hellip;]</p>
