{"id":50365,"date":"2023-03-29T20:00:05","date_gmt":"2023-03-29T20:00:05","guid":{"rendered":"https:\/\/ancorapublicitat.es\/shop\/herren-arbeitsshorts-projob-2522-mit-stretcheinsaetzen-moderner-schnitt-642522\/"},"modified":"2023-04-03T19:14:41","modified_gmt":"2023-04-03T19:14:41","slug":"herren-arbeitsshorts-projob-2522-mit-stretcheinsaetzen-moderner-schnitt-642522","status":"publish","type":"product","link":"https:\/\/ancorapublicitat.es\/de\/shop\/herren-arbeitsshorts-projob-2522-mit-stretcheinsaetzen-moderner-schnitt-642522\/","title":{"rendered":"Herren Arbeitsshorts ProJob 2522 mit Stretcheins\u00e4tzen moderner Schnitt 642522"},"content":{"rendered":"<p>Modern geschnittene Shorts aus Stretchmaterial im Ges\u00e4ss- und im Schrittbereich. Zwei vordere Jeanstaschen. Zwei Beintaschen auf den Oberschenkeln mit Reissverschluss und zwei nach innen eingearbeitete Ges\u00e4sstaschen mit Klettverschluss-Patte. Keine Metertasche. Verdeckter Knopfverschluss vorne. Vorbereitungen f\u00fcr H\u00e4ngetaschen (optional Erh\u00e4ltlich PJ 9042). 230 g\/m\u00b2<\/p>\n","protected":false},"excerpt":{"rendered":"<p>Modern geschnittene Shorts aus Stretchmaterial im Ges\u00e4ss- und im Schrittbereich. Zwei vordere Jeanstaschen. Zwei Beintaschen auf den Oberschenkeln mit Reissverschluss und zwei nach innen eingearbeitete Ges\u00e4sstaschen mit Klettverschluss-Patte. Keine Metertasche. Verdeckter Knopfverschluss vorne. Vorbereitungen f\u00fcr H\u00e4ngetaschen (optional Erh\u00e4ltlich PJ 9042). 230 g\/m\u00b2<\/p>\n","protected":false},"featured_media":50368,"template":"","meta":{"_acf_changed":false},"product_cat":[],"product_tag":[],"class_list":["post-50365","product","type-product","status-publish","has-post-thumbnail","pa_farben-grau-98","pa_farben-himmelblau-53","pa_farben-marine-58","pa_farben-rot-35","pa_farben-schwarz-99","pa_farben-waldgruen-66","pa_groessen-c44","pa_groessen-c46","pa_groessen-c48","pa_groessen-c50","pa_groessen-c52","pa_groessen-c54","pa_groessen-c56","pa_groessen-c58","pa_groessen-c60","pa_groessen-c62","first","instock","purchasable","product-type-variable"],"acf":[],"tiered_pricing_type":"fixed","tiered_pricing_fixed_rules":{"9":86.099999999999994315658113919198513031005859375,"19":81.7999999999999971578290569595992565155029296875,"49":79.2000000000000028421709430404007434844970703125,"99":77.5},"tiered_pricing_product_settings":{"layout":"default","base_unit_name":{"singular":null,"plural":null},"default_variation":null},"tiered_pricing_minimum_quantity":null,"tiered_pricing_roles_data":[],"tiered_pricing_percentage_rules":[],"_links":{"self":[{"href":"https:\/\/ancorapublicitat.es\/de\/wp-json\/wp\/v2\/product\/50365","targetHints":{"allow":["GET"]}}],"collection":[{"href":"https:\/\/ancorapublicitat.es\/de\/wp-json\/wp\/v2\/product"}],"about":[{"href":"https:\/\/ancorapublicitat.es\/de\/wp-json\/wp\/v2\/types\/product"}],"version-history":[{"count":0,"href":"https:\/\/ancorapublicitat.es\/de\/wp-json\/wp\/v2\/product\/50365\/revisions"}],"wp:featuredmedia":[{"embeddable":true,"href":"https:\/\/ancorapublicitat.es\/de\/wp-json\/wp\/v2\/media\/50368"}],"wp:attachment":[{"href":"https:\/\/ancorapublicitat.es\/de\/wp-json\/wp\/v2\/media?parent=50365"}],"wp:term":[{"taxonomy":"product_cat","embeddable":true,"href":"https:\/\/ancorapublicitat.es\/de\/wp-json\/wp\/v2\/product_cat?post=50365"},{"taxonomy":"product_tag","embeddable":true,"href":"https:\/\/ancorapublicitat.es\/de\/wp-json\/wp\/v2\/product_tag?post=50365"}],"curies":[{"name":"wp","href":"https:\/\/api.w.org\/{rel}","templated":true}]}}

Herren Arbeitsshorts ProJob 2522 mit Stretcheinsätzen moderner Schnitt 642522

<p>Modern geschnittene Shorts aus Stretchmaterial im Gesäss- und im Schrittbereich. Zwei vordere Jeanstaschen. Zwei Beintaschen auf den Oberschenkeln mit Reissverschluss und zwei nach innen eingearbeitete Gesässtaschen mit Klettverschluss-Patte. Keine Metertasche. Verdeckter Knopfverschluss vorne. Vorbereitungen für Hängetaschen (optional Erhältlich PJ 9042). 230 g/m²</p>
