{"id":50381,"date":"2023-03-29T20:00:33","date_gmt":"2023-03-29T20:00:33","guid":{"rendered":"https:\/\/ancorapublicitat.es\/shop\/herren-arbeitsshorts-projob-2505-gerader-schnitt-642505\/"},"modified":"2023-04-03T19:14:49","modified_gmt":"2023-04-03T19:14:49","slug":"herren-arbeitsshorts-projob-2505-gerader-schnitt-642505","status":"publish","type":"product","link":"https:\/\/ancorapublicitat.es\/de\/shop\/herren-arbeitsshorts-projob-2505-gerader-schnitt-642505\/","title":{"rendered":"Herren Arbeitsshorts ProJob 2505 gerader Schnitt 642505"},"content":{"rendered":"<p>Gerade geschnittene Shorts ohne Bundfalten. Zwei tiefe Fronttaschen mit Seiteneingriff und Sicherheitstasche mit Reissverschluss auf der rechten Seite. Zwei aufgesetzte Ges\u00e4sstaschen mit Patte und Klettverschluss. Zwei Beintaschen. Die linke Tasche mit Klappe und innen liegender Handy-Tasche. Die rechte Tasche bietet Platz f\u00fcr Mobiltelefon, Schreibger\u00e4te, Dokumente und Meterstab. D-Ring vorne. Schlaufen unter den Ges\u00e4ss- und Beintaschen. 245 g\/m\u00b2<\/p>\n","protected":false},"excerpt":{"rendered":"<p>Gerade geschnittene Shorts ohne Bundfalten. Zwei tiefe Fronttaschen mit Seiteneingriff und Sicherheitstasche mit Reissverschluss auf der rechten Seite. Zwei aufgesetzte Ges\u00e4sstaschen mit Patte und Klettverschluss. Zwei Beintaschen. Die linke Tasche mit Klappe und innen liegender Handy-Tasche. Die rechte Tasche bietet Platz f\u00fcr Mobiltelefon, Schreibger\u00e4te, Dokumente und Meterstab. D-Ring vorne. Schlaufen unter den Ges\u00e4ss- und Beintaschen. [&hellip;]<\/p>\n","protected":false},"featured_media":50384,"template":"","meta":{"_acf_changed":false},"product_cat":[],"product_tag":[],"class_list":["post-50381","product","type-product","status-publish","has-post-thumbnail","pa_farben-khaki-82","pa_farben-marine-58","pa_farben-schwarz-99","pa_farben-stone-83","pa_groessen-c44","pa_groessen-c46","pa_groessen-c48","pa_groessen-c50","pa_groessen-c52","pa_groessen-c54","pa_groessen-c56","pa_groessen-c58","pa_groessen-c60","pa_groessen-c62","first","instock","purchasable","product-type-variable"],"acf":[],"tiered_pricing_type":"fixed","tiered_pricing_fixed_rules":{"9":59.85000000000000142108547152020037174224853515625,"19":56.85000000000000142108547152020037174224853515625,"49":55.0499999999999971578290569595992565155029296875,"99":53.85000000000000142108547152020037174224853515625},"tiered_pricing_product_settings":{"layout":"default","base_unit_name":{"singular":null,"plural":null},"default_variation":null},"tiered_pricing_minimum_quantity":null,"tiered_pricing_roles_data":[],"tiered_pricing_percentage_rules":[],"_links":{"self":[{"href":"https:\/\/ancorapublicitat.es\/de\/wp-json\/wp\/v2\/product\/50381","targetHints":{"allow":["GET"]}}],"collection":[{"href":"https:\/\/ancorapublicitat.es\/de\/wp-json\/wp\/v2\/product"}],"about":[{"href":"https:\/\/ancorapublicitat.es\/de\/wp-json\/wp\/v2\/types\/product"}],"version-history":[{"count":0,"href":"https:\/\/ancorapublicitat.es\/de\/wp-json\/wp\/v2\/product\/50381\/revisions"}],"wp:featuredmedia":[{"embeddable":true,"href":"https:\/\/ancorapublicitat.es\/de\/wp-json\/wp\/v2\/media\/50384"}],"wp:attachment":[{"href":"https:\/\/ancorapublicitat.es\/de\/wp-json\/wp\/v2\/media?parent=50381"}],"wp:term":[{"taxonomy":"product_cat","embeddable":true,"href":"https:\/\/ancorapublicitat.es\/de\/wp-json\/wp\/v2\/product_cat?post=50381"},{"taxonomy":"product_tag","embeddable":true,"href":"https:\/\/ancorapublicitat.es\/de\/wp-json\/wp\/v2\/product_tag?post=50381"}],"curies":[{"name":"wp","href":"https:\/\/api.w.org\/{rel}","templated":true}]}}

<p>Gerade geschnittene Shorts ohne Bundfalten. Zwei tiefe Fronttaschen mit Seiteneingriff und Sicherheitstasche mit Reissverschluss auf der rechten Seite. Zwei aufgesetzte Gesässtaschen mit Patte und Klettverschluss. Zwei Beintaschen. Die linke Tasche mit Klappe und innen liegender Handy-Tasche. Die rechte Tasche bietet Platz für Mobiltelefon, Schreibgeräte, Dokumente und Meterstab. D-Ring vorne. Schlaufen unter den Gesäss- und Beintaschen. 245 g/m²</p>

<p>Gerade geschnittene Shorts ohne Bundfalten. Zwei tiefe Fronttaschen mit Seiteneingriff und Sicherheitstasche mit Reissverschluss auf der rechten Seite. Zwei aufgesetzte Gesässtaschen mit Patte und Klettverschluss. Zwei Beintaschen. Die linke Tasche mit Klappe und innen liegender Handy-Tasche. Die rechte Tasche bietet Platz für Mobiltelefon, Schreibgeräte, Dokumente und Meterstab. D-Ring vorne. Schlaufen unter den Gesäss- und Beintaschen. [&hellip;]</p>
