{"id":60043,"date":"2023-03-30T18:21:34","date_gmt":"2023-03-30T18:21:34","guid":{"rendered":"https:\/\/ancorapublicitat.es\/shop\/herren-sicherheitsjacke-projob-6417-jacket-en-iso-20471-class-3-2-646417\/"},"modified":"2023-04-03T17:23:41","modified_gmt":"2023-04-03T17:23:41","slug":"herren-sicherheitsjacke-projob-6417-jacket-en-iso-20471-class-3-2-646417","status":"publish","type":"product","link":"https:\/\/ancorapublicitat.es\/de\/shop\/herren-sicherheitsjacke-projob-6417-jacket-en-iso-20471-class-3-2-646417\/","title":{"rendered":"Herren Sicherheitsjacke ProJob 6417 JACKET EN ISO 20471 CLASS 3\/2 646417"},"content":{"rendered":"<p>Wind- und wasserdichte 3-Lagen-Jacke. Abnehmbare Kapuze und Transfer-Reflektoren. Verstellbarer Kordelzug im Bund. Drei laminierte Taschen mit wasserdichten Rei\u00dfverschl\u00fcssen, eine Armtasche am linken \u00c4rmel und zwei Brusttaschen. Linke Brusttasche mit Schlaufe f\u00fcr ID-Karte. Zwei Fleece-gef\u00fctterte Seitentaschen und zwei gro\u00dfe Taschen mit Klappe. Doppelte Windschutzleiste und 2-Wege-Rei\u00dfverschluss. Vorgeformte \u00c4rmel mit verstellbaren B\u00fcndchen.<\/p>\n","protected":false},"excerpt":{"rendered":"<p>Wind- und wasserdichte 3-Lagen-Jacke. Abnehmbare Kapuze und Transfer-Reflektoren. Verstellbarer Kordelzug im Bund. Drei laminierte Taschen mit wasserdichten Rei\u00dfverschl\u00fcssen, eine Armtasche am linken \u00c4rmel und zwei Brusttaschen. Linke Brusttasche mit Schlaufe f\u00fcr ID-Karte. Zwei Fleece-gef\u00fctterte Seitentaschen und zwei gro\u00dfe Taschen mit Klappe. Doppelte Windschutzleiste und 2-Wege-Rei\u00dfverschluss. Vorgeformte \u00c4rmel mit verstellbaren B\u00fcndchen.<\/p>\n","protected":false},"featured_media":60046,"template":"","meta":{"_acf_changed":false},"product_cat":[],"product_tag":[],"class_list":["post-60043","product","type-product","status-publish","has-post-thumbnail","pa_farben-gelb-10","pa_farben-gelb-schwarz-11","pa_farben-orange-17","pa_groessen-l","pa_groessen-m","pa_groessen-s","pa_groessen-xl","pa_groessen-xxl","pa_groessen-xxs","pa_groessen-xxxl","pa_groessen-xxxxl","first","instock","purchasable","product-type-variable"],"acf":[],"tiered_pricing_type":"fixed","tiered_pricing_fixed_rules":{"9":292.8999999999999772626324556767940521240234375,"19":278.25,"49":269.44999999999998863131622783839702606201171875,"99":263.6000000000000227373675443232059478759765625},"tiered_pricing_product_settings":{"layout":"default","base_unit_name":{"singular":null,"plural":null},"default_variation":null},"tiered_pricing_minimum_quantity":null,"tiered_pricing_roles_data":[],"tiered_pricing_percentage_rules":[],"_links":{"self":[{"href":"https:\/\/ancorapublicitat.es\/de\/wp-json\/wp\/v2\/product\/60043","targetHints":{"allow":["GET"]}}],"collection":[{"href":"https:\/\/ancorapublicitat.es\/de\/wp-json\/wp\/v2\/product"}],"about":[{"href":"https:\/\/ancorapublicitat.es\/de\/wp-json\/wp\/v2\/types\/product"}],"version-history":[{"count":0,"href":"https:\/\/ancorapublicitat.es\/de\/wp-json\/wp\/v2\/product\/60043\/revisions"}],"wp:featuredmedia":[{"embeddable":true,"href":"https:\/\/ancorapublicitat.es\/de\/wp-json\/wp\/v2\/media\/60046"}],"wp:attachment":[{"href":"https:\/\/ancorapublicitat.es\/de\/wp-json\/wp\/v2\/media?parent=60043"}],"wp:term":[{"taxonomy":"product_cat","embeddable":true,"href":"https:\/\/ancorapublicitat.es\/de\/wp-json\/wp\/v2\/product_cat?post=60043"},{"taxonomy":"product_tag","embeddable":true,"href":"https:\/\/ancorapublicitat.es\/de\/wp-json\/wp\/v2\/product_tag?post=60043"}],"curies":[{"name":"wp","href":"https:\/\/api.w.org\/{rel}","templated":true}]}}

<p>Wind- und wasserdichte 3-Lagen-Jacke. Abnehmbare Kapuze und Transfer-Reflektoren. Verstellbarer Kordelzug im Bund. Drei laminierte Taschen mit wasserdichten Reißverschlüssen, eine Armtasche am linken Ärmel und zwei Brusttaschen. Linke Brusttasche mit Schlaufe für ID-Karte. Zwei Fleece-gefütterte Seitentaschen und zwei große Taschen mit Klappe. Doppelte Windschutzleiste und 2-Wege-Reißverschluss. Vorgeformte Ärmel mit verstellbaren Bündchen.</p>
