{"id":60455,"date":"2023-03-30T18:52:46","date_gmt":"2023-03-30T18:52:46","guid":{"rendered":"https:\/\/ancorapublicitat.es\/shop\/herren-arbeitsweste-projob-5704-gefuettert-mit-kontrastelementen-645704\/"},"modified":"2023-04-03T17:38:58","modified_gmt":"2023-04-03T17:38:58","slug":"herren-arbeitsweste-projob-5704-gefuettert-mit-kontrastelementen-645704","status":"publish","type":"product","link":"https:\/\/ancorapublicitat.es\/de\/shop\/herren-arbeitsweste-projob-5704-gefuettert-mit-kontrastelementen-645704\/","title":{"rendered":"Herren Arbeitsweste ProJob 5704 gef\u00fcttert mit Kontrastelementen 645704"},"content":{"rendered":"<p>Gef\u00fctterte Weste aus Polyester-Baumwoll-Mischgewebe mit Kontrast- und Reflektionselementen an den Aussentaschen und dem R\u00fccken. Zwei Brust- und zwei Seitentaschen mit verst\u00e4rkten Kanten aus Polyamid. Hoher Kragen, durchgehender Reissverschluss mit Kinnschutz. Verl\u00e4ngerte R\u00fcckenpartie. Drei Innentaschen, eine davon mit Klett verschliessbar (z.B. f\u00fcr Telefon). Service-Reissverschluss am Innenfutter f\u00fcr Besticken oder Bedrucken. 245 g\/m\u00b2<\/p>\n","protected":false},"excerpt":{"rendered":"<p>Gef\u00fctterte Weste aus Polyester-Baumwoll-Mischgewebe mit Kontrast- und Reflektionselementen an den Aussentaschen und dem R\u00fccken. Zwei Brust- und zwei Seitentaschen mit verst\u00e4rkten Kanten aus Polyamid. Hoher Kragen, durchgehender Reissverschluss mit Kinnschutz. Verl\u00e4ngerte R\u00fcckenpartie. Drei Innentaschen, eine davon mit Klett verschliessbar (z.B. f\u00fcr Telefon). Service-Reissverschluss am Innenfutter f\u00fcr Besticken oder Bedrucken. 245 g\/m\u00b2<\/p>\n","protected":false},"featured_media":60458,"template":"","meta":{"_acf_changed":false},"product_cat":[],"product_tag":[],"class_list":["post-60455","product","type-product","status-publish","has-post-thumbnail","pa_farben-grau-98","pa_farben-himmelblau-53","pa_farben-khaki-82","pa_farben-marine-58","pa_farben-rot-35","pa_farben-schwarz-99","pa_farben-waldgruen-66","pa_groessen-l","pa_groessen-m","pa_groessen-s","pa_groessen-xl","pa_groessen-xxl","pa_groessen-xxs","pa_groessen-xxxl","pa_groessen-xxxxl","first","instock","product-type-variable"],"acf":[],"tiered_pricing_type":"fixed","tiered_pricing_fixed_rules":[],"tiered_pricing_product_settings":{"layout":"default","base_unit_name":{"singular":null,"plural":null},"default_variation":null},"tiered_pricing_minimum_quantity":null,"tiered_pricing_roles_data":[],"tiered_pricing_percentage_rules":[],"_links":{"self":[{"href":"https:\/\/ancorapublicitat.es\/de\/wp-json\/wp\/v2\/product\/60455","targetHints":{"allow":["GET"]}}],"collection":[{"href":"https:\/\/ancorapublicitat.es\/de\/wp-json\/wp\/v2\/product"}],"about":[{"href":"https:\/\/ancorapublicitat.es\/de\/wp-json\/wp\/v2\/types\/product"}],"version-history":[{"count":0,"href":"https:\/\/ancorapublicitat.es\/de\/wp-json\/wp\/v2\/product\/60455\/revisions"}],"wp:featuredmedia":[{"embeddable":true,"href":"https:\/\/ancorapublicitat.es\/de\/wp-json\/wp\/v2\/media\/60458"}],"wp:attachment":[{"href":"https:\/\/ancorapublicitat.es\/de\/wp-json\/wp\/v2\/media?parent=60455"}],"wp:term":[{"taxonomy":"product_cat","embeddable":true,"href":"https:\/\/ancorapublicitat.es\/de\/wp-json\/wp\/v2\/product_cat?post=60455"},{"taxonomy":"product_tag","embeddable":true,"href":"https:\/\/ancorapublicitat.es\/de\/wp-json\/wp\/v2\/product_tag?post=60455"}],"curies":[{"name":"wp","href":"https:\/\/api.w.org\/{rel}","templated":true}]}}

Herren Arbeitsweste ProJob 5704 gefüttert mit Kontrastelementen 645704

<p>Gefütterte Weste aus Polyester-Baumwoll-Mischgewebe mit Kontrast- und Reflektionselementen an den Aussentaschen und dem Rücken. Zwei Brust- und zwei Seitentaschen mit verstärkten Kanten aus Polyamid. Hoher Kragen, durchgehender Reissverschluss mit Kinnschutz. Verlängerte Rückenpartie. Drei Innentaschen, eine davon mit Klett verschliessbar (z.B. für Telefon). Service-Reissverschluss am Innenfutter für Besticken oder Bedrucken. 245 g/m²</p>
