{"id":61549,"date":"2023-03-30T19:23:03","date_gmt":"2023-03-30T19:23:03","guid":{"rendered":"https:\/\/ancorapublicitat.es\/shop\/herren-sicherheitsjacke-projob-6418-jacket-en-iso-20471-class-3-646418\/"},"modified":"2023-04-03T15:35:29","modified_gmt":"2023-04-03T15:35:29","slug":"herren-sicherheitsjacke-projob-6418-jacket-en-iso-20471-class-3-646418","status":"publish","type":"product","link":"https:\/\/ancorapublicitat.es\/de\/shop\/herren-sicherheitsjacke-projob-6418-jacket-en-iso-20471-class-3-646418\/","title":{"rendered":"Herren Sicherheitsjacke ProJob 6418 Jacket EN ISO 20471 Class 3 646418"},"content":{"rendered":"<p>Wattierte, wind- und wasserdichte High Visibility Jacke mit abnehmbarer Kapuze und Transfer-Reflektoren. Verstellbare Kordel in Taille und Bund. Verstellbare \u00c4rmelabschl\u00fcsse. Windschutzleiste mit Druckkn\u00f6pfen. Zwei Fleece-gef\u00fctterte Seitentaschen mit Klappe und Rei\u00dfverschluss. Brusttasche mit Klappe und Schlaufe f\u00fcr ID-Karte. Zwei Innentaschen mit Rei\u00dfverschluss, eine davon mit extra Fach f\u00fcr das Mobiltelefon. Rei\u00dfverschluss im Futter erleichtert Druck und Stick.<\/p>\n","protected":false},"excerpt":{"rendered":"<p>Wattierte, wind- und wasserdichte High Visibility Jacke mit abnehmbarer Kapuze und Transfer-Reflektoren. Verstellbare Kordel in Taille und Bund. Verstellbare \u00c4rmelabschl\u00fcsse. Windschutzleiste mit Druckkn\u00f6pfen. Zwei Fleece-gef\u00fctterte Seitentaschen mit Klappe und Rei\u00dfverschluss. Brusttasche mit Klappe und Schlaufe f\u00fcr ID-Karte. Zwei Innentaschen mit Rei\u00dfverschluss, eine davon mit extra Fach f\u00fcr das Mobiltelefon. Rei\u00dfverschluss im Futter erleichtert Druck und [&hellip;]<\/p>\n","protected":false},"featured_media":61552,"template":"","meta":{"_acf_changed":false},"product_cat":[],"product_tag":[],"class_list":["post-61549","product","type-product","status-publish","has-post-thumbnail","pa_farben-gelb-10","pa_farben-gelb-schwarz-11","pa_farben-orange-17","pa_farben-orange-schwarz-1799","pa_groessen-xs","pa_groessen-l","pa_groessen-m","pa_groessen-s","pa_groessen-xl","pa_groessen-xxl","pa_groessen-xxxl","first","instock","purchasable","product-type-variable"],"acf":[],"tiered_pricing_type":"fixed","tiered_pricing_fixed_rules":{"9":229.900000000000005684341886080801486968994140625,"19":218.400000000000005684341886080801486968994140625,"49":211.5,"99":206.900000000000005684341886080801486968994140625},"tiered_pricing_product_settings":{"layout":"default","base_unit_name":{"singular":null,"plural":null},"default_variation":null},"tiered_pricing_minimum_quantity":null,"tiered_pricing_roles_data":[],"tiered_pricing_percentage_rules":[],"_links":{"self":[{"href":"https:\/\/ancorapublicitat.es\/de\/wp-json\/wp\/v2\/product\/61549","targetHints":{"allow":["GET"]}}],"collection":[{"href":"https:\/\/ancorapublicitat.es\/de\/wp-json\/wp\/v2\/product"}],"about":[{"href":"https:\/\/ancorapublicitat.es\/de\/wp-json\/wp\/v2\/types\/product"}],"version-history":[{"count":0,"href":"https:\/\/ancorapublicitat.es\/de\/wp-json\/wp\/v2\/product\/61549\/revisions"}],"wp:featuredmedia":[{"embeddable":true,"href":"https:\/\/ancorapublicitat.es\/de\/wp-json\/wp\/v2\/media\/61552"}],"wp:attachment":[{"href":"https:\/\/ancorapublicitat.es\/de\/wp-json\/wp\/v2\/media?parent=61549"}],"wp:term":[{"taxonomy":"product_cat","embeddable":true,"href":"https:\/\/ancorapublicitat.es\/de\/wp-json\/wp\/v2\/product_cat?post=61549"},{"taxonomy":"product_tag","embeddable":true,"href":"https:\/\/ancorapublicitat.es\/de\/wp-json\/wp\/v2\/product_tag?post=61549"}],"curies":[{"name":"wp","href":"https:\/\/api.w.org\/{rel}","templated":true}]}}

<p>Wattierte, wind- und wasserdichte High Visibility Jacke mit abnehmbarer Kapuze und Transfer-Reflektoren. Verstellbare Kordel in Taille und Bund. Verstellbare Ärmelabschlüsse. Windschutzleiste mit Druckknöpfen. Zwei Fleece-gefütterte Seitentaschen mit Klappe und Reißverschluss. Brusttasche mit Klappe und Schlaufe für ID-Karte. Zwei Innentaschen mit Reißverschluss, eine davon mit extra Fach für das Mobiltelefon. Reißverschluss im Futter erleichtert Druck und Stick.</p>

<p>Wattierte, wind- und wasserdichte High Visibility Jacke mit abnehmbarer Kapuze und Transfer-Reflektoren. Verstellbare Kordel in Taille und Bund. Verstellbare Ärmelabschlüsse. Windschutzleiste mit Druckknöpfen. Zwei Fleece-gefütterte Seitentaschen mit Klappe und Reißverschluss. Brusttasche mit Klappe und Schlaufe für ID-Karte. Zwei Innentaschen mit Reißverschluss, eine davon mit extra Fach für das Mobiltelefon. Reißverschluss im Futter erleichtert Druck und [&hellip;]</p>
