{"id":62143,"date":"2023-03-30T19:39:04","date_gmt":"2023-03-30T19:39:04","guid":{"rendered":"https:\/\/ancorapublicitat.es\/shop\/herren-regenjacke-projob-4441-gefuettert-wind-und-wasserdicht-mit-kontrastelementen-644441\/"},"modified":"2023-04-03T15:59:01","modified_gmt":"2023-04-03T15:59:01","slug":"herren-regenjacke-projob-4441-gefuettert-wind-und-wasserdicht-mit-kontrastelementen-644441","status":"publish","type":"product","link":"https:\/\/ancorapublicitat.es\/de\/shop\/herren-regenjacke-projob-4441-gefuettert-wind-und-wasserdicht-mit-kontrastelementen-644441\/","title":{"rendered":"Herren Regenjacke ProJob 4441 gef\u00fcttert, wind- und wasserdicht mit Kontrastelementen 644441"},"content":{"rendered":"<p>Gef\u00fctterte wind &#8211; und wasserdichte Jacke mit verschweissten N\u00e4hten. Zweiwege Reissverschluss wird von einer Patte mit Druckkn\u00f6pfen verdeckt. Je zwei Brusttaschen auf jeder Seite: Eine mit Klettverschluss und eine mit einem wasserdichtem Reissverschluss. Seitentaschen sind mit Microfleece und Reissverschluss. Kapuze ist verstellbar und abnehmbar. \u00c4rmelenden sind durch Klett verstellbar und die Taille durch einen Gummizug. Reflektierenden Details vorne und hinten. Drei Innentaschen, zwei davon mit Reissverschluss. Reissverschluss im Innenfutter zur nachtr\u00e4glichen Veredelung.<\/p>\n","protected":false},"excerpt":{"rendered":"<p>Gef\u00fctterte wind &#8211; und wasserdichte Jacke mit verschweissten N\u00e4hten. Zweiwege Reissverschluss wird von einer Patte mit Druckkn\u00f6pfen verdeckt. Je zwei Brusttaschen auf jeder Seite: Eine mit Klettverschluss und eine mit einem wasserdichtem Reissverschluss. Seitentaschen sind mit Microfleece und Reissverschluss. Kapuze ist verstellbar und abnehmbar. \u00c4rmelenden sind durch Klett verstellbar und die Taille durch einen Gummizug. [&hellip;]<\/p>\n","protected":false},"featured_media":62146,"template":"","meta":{"_acf_changed":false},"product_cat":[],"product_tag":[],"class_list":["post-62143","product","type-product","status-publish","has-post-thumbnail","pa_farben-grau-98","pa_farben-marine-58","pa_farben-schwarz-99","pa_groessen-xs","pa_groessen-l","pa_groessen-m","pa_groessen-s","pa_groessen-xl","pa_groessen-xxl","pa_groessen-xxxl","first","instock","product-type-variable"],"acf":[],"tiered_pricing_type":"fixed","tiered_pricing_fixed_rules":[],"tiered_pricing_product_settings":{"layout":"default","base_unit_name":{"singular":null,"plural":null},"default_variation":null},"tiered_pricing_minimum_quantity":null,"tiered_pricing_roles_data":[],"tiered_pricing_percentage_rules":[],"_links":{"self":[{"href":"https:\/\/ancorapublicitat.es\/de\/wp-json\/wp\/v2\/product\/62143","targetHints":{"allow":["GET"]}}],"collection":[{"href":"https:\/\/ancorapublicitat.es\/de\/wp-json\/wp\/v2\/product"}],"about":[{"href":"https:\/\/ancorapublicitat.es\/de\/wp-json\/wp\/v2\/types\/product"}],"version-history":[{"count":0,"href":"https:\/\/ancorapublicitat.es\/de\/wp-json\/wp\/v2\/product\/62143\/revisions"}],"wp:featuredmedia":[{"embeddable":true,"href":"https:\/\/ancorapublicitat.es\/de\/wp-json\/wp\/v2\/media\/62146"}],"wp:attachment":[{"href":"https:\/\/ancorapublicitat.es\/de\/wp-json\/wp\/v2\/media?parent=62143"}],"wp:term":[{"taxonomy":"product_cat","embeddable":true,"href":"https:\/\/ancorapublicitat.es\/de\/wp-json\/wp\/v2\/product_cat?post=62143"},{"taxonomy":"product_tag","embeddable":true,"href":"https:\/\/ancorapublicitat.es\/de\/wp-json\/wp\/v2\/product_tag?post=62143"}],"curies":[{"name":"wp","href":"https:\/\/api.w.org\/{rel}","templated":true}]}}

Herren Regenjacke ProJob 4441 gefüttert, wind- und wasserdicht mit Kontrastelementen 644441

<p>Gefütterte wind &#8211; und wasserdichte Jacke mit verschweissten Nähten. Zweiwege Reissverschluss wird von einer Patte mit Druckknöpfen verdeckt. Je zwei Brusttaschen auf jeder Seite: Eine mit Klettverschluss und eine mit einem wasserdichtem Reissverschluss. Seitentaschen sind mit Microfleece und Reissverschluss. Kapuze ist verstellbar und abnehmbar. Ärmelenden sind durch Klett verstellbar und die Taille durch einen Gummizug. Reflektierenden Details vorne und hinten. Drei Innentaschen, zwei davon mit Reissverschluss. Reissverschluss im Innenfutter zur nachträglichen Veredelung.</p>

<p>Gefütterte wind &#8211; und wasserdichte Jacke mit verschweissten Nähten. Zweiwege Reissverschluss wird von einer Patte mit Druckknöpfen verdeckt. Je zwei Brusttaschen auf jeder Seite: Eine mit Klettverschluss und eine mit einem wasserdichtem Reissverschluss. Seitentaschen sind mit Microfleece und Reissverschluss. Kapuze ist verstellbar und abnehmbar. Ärmelenden sind durch Klett verstellbar und die Taille durch einen Gummizug. [&hellip;]</p>
