{"id":63034,"date":"2023-03-30T19:59:54","date_gmt":"2023-03-30T19:59:54","guid":{"rendered":"https:\/\/ancorapublicitat.es\/shop\/herren-sweatjacke-sweatjacken-clique-premium-oc-cardigan-021006\/"},"modified":"2023-04-03T16:21:03","modified_gmt":"2023-04-03T16:21:03","slug":"herren-sweatjacke-sweatjacken-clique-premium-oc-cardigan-021006","status":"publish","type":"product","link":"https:\/\/ancorapublicitat.es\/de\/shop\/herren-sweatjacke-sweatjacken-clique-premium-oc-cardigan-021006\/","title":{"rendered":"Herren Sweatjacke Sweatjacken Clique Premium OC Cardigan 021006"},"content":{"rendered":"<p>Unser feinster Cardigan mit Reissverschluss \u00fcber die gesamte L\u00e4nge ist aus Bio-Baumwolle und Recyclingpolyester. YKK-Reissverschluss \u00fcber die gesamte L\u00e4nge mit Antik-Optik. Zwei Fronttaschen mit YKK-Reissverschluss, Flatlock-Ziern\u00e4hte f\u00fcr einen modernen Look. CVC French Terry, Nackenband mit Fischgr\u00e4tenmuster, gerippte \u00c4rmelabschl\u00fcsse und gerippter Bund. Elastischer Rippbund 1\u00a0x\u00a01. Spezielle Headset-\u00d6ffnung f\u00fcr Musikh\u00f6ren. OekoTex; OrganicCotton 300  g\/m2.<\/p>\n","protected":false},"excerpt":{"rendered":"<p>Unser feinster Cardigan mit Reissverschluss \u00fcber die gesamte L\u00e4nge ist aus Bio-Baumwolle und Recyclingpolyester. YKK-Reissverschluss \u00fcber die gesamte L\u00e4nge mit Antik-Optik. Zwei Fronttaschen mit YKK-Reissverschluss, Flatlock-Ziern\u00e4hte f\u00fcr einen modernen Look. CVC French Terry, Nackenband mit Fischgr\u00e4tenmuster, gerippte \u00c4rmelabschl\u00fcsse und gerippter Bund. Elastischer Rippbund 1\u00a0x\u00a01. Spezielle Headset-\u00d6ffnung f\u00fcr Musikh\u00f6ren. OekoTex; OrganicCotton 300 g\/m2.<\/p>\n","protected":false},"featured_media":63037,"template":"","meta":{"_acf_changed":false},"product_cat":[],"product_tag":[],"class_list":["post-63034","product","type-product","status-publish","has-post-thumbnail","pa_farben-antrazit-melange-955","pa_farben-dark-navy-580","pa_farben-ecrumeliert-925","pa_farben-graumeliert-95","pa_farben-schwarz-99","pa_groessen-xs","pa_groessen-l","pa_groessen-m","pa_groessen-s","pa_groessen-xl","pa_groessen-xxl","pa_groessen-xxxl","first","instock","purchasable","product-type-variable"],"acf":[],"tiered_pricing_type":"fixed","tiered_pricing_fixed_rules":{"9":58.7999999999999971578290569595992565155029296875,"19":55.85000000000000142108547152020037174224853515625,"99":54.10000000000000142108547152020037174224853515625,"499":47.0499999999999971578290569595992565155029296875},"tiered_pricing_product_settings":{"layout":"default","base_unit_name":{"singular":null,"plural":null},"default_variation":null},"tiered_pricing_minimum_quantity":null,"tiered_pricing_roles_data":[],"tiered_pricing_percentage_rules":[],"_links":{"self":[{"href":"https:\/\/ancorapublicitat.es\/de\/wp-json\/wp\/v2\/product\/63034","targetHints":{"allow":["GET"]}}],"collection":[{"href":"https:\/\/ancorapublicitat.es\/de\/wp-json\/wp\/v2\/product"}],"about":[{"href":"https:\/\/ancorapublicitat.es\/de\/wp-json\/wp\/v2\/types\/product"}],"version-history":[{"count":0,"href":"https:\/\/ancorapublicitat.es\/de\/wp-json\/wp\/v2\/product\/63034\/revisions"}],"wp:featuredmedia":[{"embeddable":true,"href":"https:\/\/ancorapublicitat.es\/de\/wp-json\/wp\/v2\/media\/63037"}],"wp:attachment":[{"href":"https:\/\/ancorapublicitat.es\/de\/wp-json\/wp\/v2\/media?parent=63034"}],"wp:term":[{"taxonomy":"product_cat","embeddable":true,"href":"https:\/\/ancorapublicitat.es\/de\/wp-json\/wp\/v2\/product_cat?post=63034"},{"taxonomy":"product_tag","embeddable":true,"href":"https:\/\/ancorapublicitat.es\/de\/wp-json\/wp\/v2\/product_tag?post=63034"}],"curies":[{"name":"wp","href":"https:\/\/api.w.org\/{rel}","templated":true}]}}

<p>Unser feinster Cardigan mit Reissverschluss über die gesamte Länge ist aus Bio-Baumwolle und Recyclingpolyester. YKK-Reissverschluss über die gesamte Länge mit Antik-Optik. Zwei Fronttaschen mit YKK-Reissverschluss, Flatlock-Ziernähte für einen modernen Look. CVC French Terry, Nackenband mit Fischgrätenmuster, gerippte Ärmelabschlüsse und gerippter Bund. Elastischer Rippbund 1 x 1. Spezielle Headset-Öffnung für Musikhören. OekoTex; OrganicCotton 300  g/m2.</p>

<p>Unser feinster Cardigan mit Reissverschluss über die gesamte Länge ist aus Bio-Baumwolle und Recyclingpolyester. YKK-Reissverschluss über die gesamte Länge mit Antik-Optik. Zwei Fronttaschen mit YKK-Reissverschluss, Flatlock-Ziernähte für einen modernen Look. CVC French Terry, Nackenband mit Fischgrätenmuster, gerippte Ärmelabschlüsse und gerippter Bund. Elastischer Rippbund 1 x 1. Spezielle Headset-Öffnung für Musikhören. OekoTex; OrganicCotton 300 g/m2.</p>
