{"id":64797,"date":"2023-03-30T20:40:58","date_gmt":"2023-03-30T20:40:58","guid":{"rendered":"https:\/\/ancorapublicitat.es\/shop\/damen-softshellweste-russell-gilet-r-141f-0\/"},"modified":"2023-04-03T10:30:57","modified_gmt":"2023-04-03T10:30:57","slug":"damen-softshellweste-russell-gilet-r-141f-0","status":"publish","type":"product","link":"https:\/\/ancorapublicitat.es\/de\/shop\/damen-softshellweste-russell-gilet-r-141f-0\/","title":{"rendered":"Damen Softshellweste Russell Gilet R-141F-0"},"content":{"rendered":"<p>Atmungsaktives, 3-lagiges Soft Shell-Material | Winddicht und wasserabweisend (5.000 mm) | Seitentaschen und Brusttasche mit Innenfutter, sowie umgekehrten Rei\u00dfverschl\u00fcssen mit Zugband | Durchgehender Rei\u00dfverschluss mit Regenblende und Rei\u00dfverschluss-Schutz am Kragen | Kordelzug im Saum und verl\u00e4ngertes R\u00fcckenteil | Mit dem Au\u00dfengewebe verbundenes Microfleece-Futter | Trocknergeeignet bei niedriger Temperatur | Femininer und taillierter Schnitt | Waschbar bis 40 \u00b0C | 340-399 g\/m\u00b2<\/p>\n","protected":false},"excerpt":{"rendered":"<p>Atmungsaktives, 3-lagiges Soft Shell-Material | Winddicht und wasserabweisend (5.000 mm) | Seitentaschen und Brusttasche mit Innenfutter, sowie umgekehrten Rei\u00dfverschl\u00fcssen mit Zugband | Durchgehender Rei\u00dfverschluss mit Regenblende und Rei\u00dfverschluss-Schutz am Kragen | Kordelzug im Saum und verl\u00e4ngertes R\u00fcckenteil | Mit dem Au\u00dfengewebe verbundenes Microfleece-Futter | Trocknergeeignet bei niedriger Temperatur | Femininer und taillierter Schnitt | Waschbar [&hellip;]<\/p>\n","protected":false},"featured_media":64800,"template":"","meta":{"_acf_changed":false},"product_cat":[],"product_tag":[],"class_list":["post-64797","product","type-product","status-publish","has-post-thumbnail","pa_farben-azure-blue","pa_farben-classic-red","pa_farben-french-navy","pa_farben-schwarz-de","pa_farben-titanium-solid","pa_groessen-xs","pa_groessen-l","pa_groessen-m","pa_groessen-s","pa_groessen-xl","pa_groessen-xxl","first","instock","purchasable","product-type-variable"],"acf":[],"tiered_pricing_type":"fixed","tiered_pricing_fixed_rules":{"9":86.25,"19":73.2999999999999971578290569595992565155029296875,"99":64.7000000000000028421709430404007434844970703125,"199":58.64999999999999857891452847979962825775146484375,"499":55.2000000000000028421709430404007434844970703125},"tiered_pricing_product_settings":{"layout":"default","base_unit_name":{"singular":null,"plural":null},"default_variation":null},"tiered_pricing_minimum_quantity":null,"tiered_pricing_roles_data":[],"tiered_pricing_percentage_rules":[],"_links":{"self":[{"href":"https:\/\/ancorapublicitat.es\/de\/wp-json\/wp\/v2\/product\/64797","targetHints":{"allow":["GET"]}}],"collection":[{"href":"https:\/\/ancorapublicitat.es\/de\/wp-json\/wp\/v2\/product"}],"about":[{"href":"https:\/\/ancorapublicitat.es\/de\/wp-json\/wp\/v2\/types\/product"}],"version-history":[{"count":0,"href":"https:\/\/ancorapublicitat.es\/de\/wp-json\/wp\/v2\/product\/64797\/revisions"}],"wp:featuredmedia":[{"embeddable":true,"href":"https:\/\/ancorapublicitat.es\/de\/wp-json\/wp\/v2\/media\/64800"}],"wp:attachment":[{"href":"https:\/\/ancorapublicitat.es\/de\/wp-json\/wp\/v2\/media?parent=64797"}],"wp:term":[{"taxonomy":"product_cat","embeddable":true,"href":"https:\/\/ancorapublicitat.es\/de\/wp-json\/wp\/v2\/product_cat?post=64797"},{"taxonomy":"product_tag","embeddable":true,"href":"https:\/\/ancorapublicitat.es\/de\/wp-json\/wp\/v2\/product_tag?post=64797"}],"curies":[{"name":"wp","href":"https:\/\/api.w.org\/{rel}","templated":true}]}}

<p>Atmungsaktives, 3-lagiges Soft Shell-Material | Winddicht und wasserabweisend (5.000 mm) | Seitentaschen und Brusttasche mit Innenfutter, sowie umgekehrten Reißverschlüssen mit Zugband | Durchgehender Reißverschluss mit Regenblende und Reißverschluss-Schutz am Kragen | Kordelzug im Saum und verlängertes Rückenteil | Mit dem Außengewebe verbundenes Microfleece-Futter | Trocknergeeignet bei niedriger Temperatur | Femininer und taillierter Schnitt | Waschbar bis 40 °C | 340-399 g/m²</p>

<p>Atmungsaktives, 3-lagiges Soft Shell-Material | Winddicht und wasserabweisend (5.000 mm) | Seitentaschen und Brusttasche mit Innenfutter, sowie umgekehrten Reißverschlüssen mit Zugband | Durchgehender Reißverschluss mit Regenblende und Reißverschluss-Schutz am Kragen | Kordelzug im Saum und verlängertes Rückenteil | Mit dem Außengewebe verbundenes Microfleece-Futter | Trocknergeeignet bei niedriger Temperatur | Femininer und taillierter Schnitt | Waschbar [&hellip;]</p>
